CRAN Package Check Results for Package Plasmidprofiler

Last updated on 2022-07-03 07:52:01 CEST.

Flavor Version Tinstall Tcheck Ttotal Status Flags
r-devel-linux-x86_64-debian-clang 0.1.6 9.52 79.84 89.36 NOTE
r-devel-linux-x86_64-debian-gcc 0.1.6 6.30 58.96 65.26 NOTE
r-devel-linux-x86_64-fedora-clang 0.1.6 115.53 WARN
r-devel-linux-x86_64-fedora-gcc 0.1.6 111.25 WARN
r-devel-windows-x86_64 0.1.6 46.00 106.00 152.00 OK
r-patched-linux-x86_64 0.1.6 8.27 74.11 82.38 NOTE
r-release-linux-x86_64 0.1.6 9.44 75.06 84.50 NOTE
r-release-macos-arm64 0.1.6 30.00 OK
r-release-macos-x86_64 0.1.6 55.00 OK
r-release-windows-x86_64 0.1.6 26.00 107.00 133.00 OK
r-oldrel-macos-arm64 0.1.6 33.00 OK
r-oldrel-macos-x86_64 0.1.6 44.00 OK
r-oldrel-windows-ix86+x86_64 0.1.6 22.00 101.00 123.00 OK

Check Details

Version: 0.1.6
Check: for non-standard things in the check directory
Result: NOTE
    Found the following files/directories:
     'P2Run.csv' 'P2Run.html' 'P2Run.png'
Flavors: r-devel-linux-x86_64-debian-clang, r-devel-linux-x86_64-debian-gcc, r-devel-linux-x86_64-fedora-clang, r-devel-linux-x86_64-fedora-gcc, r-patched-linux-x86_64, r-release-linux-x86_64

Version: 0.1.6
Check: package dependencies
Result: WARN
    Requires (indirectly) orphaned package: ‘gtools’
Flavors: r-devel-linux-x86_64-fedora-clang, r-devel-linux-x86_64-fedora-gcc