Last updated on 2021-03-07 21:48:55 CET.
Flavor | Version | Tinstall | Tcheck | Ttotal | Status | Flags |
---|---|---|---|---|---|---|
r-devel-linux-x86_64-debian-clang | 0.1.0 | 8.74 | 72.27 | 81.01 | OK | |
r-devel-linux-x86_64-debian-gcc | 0.1.0 | 6.94 | 55.74 | 62.68 | OK | |
r-devel-linux-x86_64-fedora-clang | 0.1.0 | 108.30 | NOTE | |||
r-devel-linux-x86_64-fedora-gcc | 0.1.0 | 95.53 | NOTE | |||
r-devel-windows-ix86+x86_64 | 0.1.0 | 21.00 | 94.00 | 115.00 | OK | |
r-devel-windows-x86_64-gcc10-UCRT | 0.1.0 | NOTE | ||||
r-patched-linux-x86_64 | 0.1.0 | 7.60 | 67.16 | 74.76 | OK | |
r-patched-solaris-x86 | 0.1.0 | 138.00 | NOTE | |||
r-release-linux-x86_64 | 0.1.0 | 8.78 | 66.91 | 75.69 | OK | |
r-release-macos-x86_64 | 0.1.0 | NOTE | ||||
r-release-windows-ix86+x86_64 | 0.1.0 | 16.00 | 65.00 | 81.00 | OK | |
r-oldrel-macos-x86_64 | 0.1.0 | NOTE | ||||
r-oldrel-windows-ix86+x86_64 | 0.1.0 | 11.00 | 62.00 | 73.00 | OK |
Version: 0.1.0
Check: dependencies in R code
Result: NOTE
Namespaces in Imports field not imported from:
‘MASS’ ‘Matrix’ ‘RColorBrewer’ ‘arm’ ‘epiDisplay’ ‘foreign’ ‘gbm’
‘grid’ ‘lattice’ ‘latticeExtra’ ‘lme4’ ‘nnet’ ‘parallel’ ‘splines’
‘survey’ ‘twang’ ‘xtable’
All declared Imports should be used.
Flavors: r-devel-linux-x86_64-fedora-clang, r-devel-linux-x86_64-fedora-gcc, r-devel-windows-x86_64-gcc10-UCRT, r-patched-solaris-x86, r-release-macos-x86_64, r-oldrel-macos-x86_64