Last updated on 2022-07-03 06:54:28 CEST.
Flavor | Version | Tinstall | Tcheck | Ttotal | Status | Flags |
---|---|---|---|---|---|---|
r-devel-linux-x86_64-debian-clang | 0.2.0 | 7.00 | 138.84 | 145.84 | OK | |
r-devel-linux-x86_64-debian-gcc | 0.2.0 | 4.82 | 93.52 | 98.34 | OK | |
r-devel-linux-x86_64-fedora-clang | 0.2.0 | 173.26 | NOTE | |||
r-devel-linux-x86_64-fedora-gcc | 0.2.0 | 170.70 | NOTE | |||
r-devel-windows-x86_64 | 0.2.0 | 20.00 | 152.00 | 172.00 | OK | |
r-patched-linux-x86_64 | 0.2.0 | 6.25 | 129.79 | 136.04 | OK | |
r-release-linux-x86_64 | 0.2.0 | 5.56 | 127.52 | 133.08 | OK | |
r-release-macos-arm64 | 0.2.0 | 50.00 | NOTE | |||
r-release-macos-x86_64 | 0.2.0 | 81.00 | NOTE | |||
r-release-windows-x86_64 | 0.2.0 | 19.00 | 153.00 | 172.00 | OK | |
r-oldrel-macos-arm64 | 0.2.0 | 72.00 | NOTE | |||
r-oldrel-macos-x86_64 | 0.2.0 | 69.00 | NOTE | |||
r-oldrel-windows-ix86+x86_64 | 0.2.0 | 17.00 | 169.00 | 186.00 | OK |
Version: 0.2.0
Check: dependencies in R code
Result: NOTE
Namespaces in Imports field not imported from:
‘car’ ‘lubridate’
All declared Imports should be used.
Flavors: r-devel-linux-x86_64-fedora-clang, r-devel-linux-x86_64-fedora-gcc, r-release-macos-arm64, r-release-macos-x86_64, r-oldrel-macos-arm64, r-oldrel-macos-x86_64