CRAN Package Check Results for Package PopGenReport

Last updated on 2018-11-18 10:50:10 CET.

Flavor Version Tinstall Tcheck Ttotal Status Flags
r-devel-linux-x86_64-debian-clang 3.0.0 14.92 186.56 201.48 NOTE
r-devel-linux-x86_64-debian-gcc 3.0.0 13.69 151.53 165.22 NOTE
r-devel-linux-x86_64-fedora-clang 3.0.0 239.97 NOTE
r-devel-linux-x86_64-fedora-gcc 3.0.0 234.69 NOTE
r-devel-windows-ix86+x86_64 3.0.0 39.00 226.00 265.00 NOTE
r-patched-linux-x86_64 3.0.0 13.91 181.84 195.75 NOTE
r-patched-solaris-x86 3.0.0 366.00 NOTE
r-release-linux-x86_64 3.0.0 9.97 188.67 198.64 NOTE
r-release-windows-ix86+x86_64 3.0.0 33.00 190.00 223.00 NOTE
r-release-osx-x86_64 3.0.0 OK
r-oldrel-windows-ix86+x86_64 3.0.0 26.00 218.00 244.00 NOTE
r-oldrel-osx-x86_64 3.0.0 OK

Check Details

Version: 3.0.0
Check: data for non-ASCII characters
Result: NOTE
     Error in .requirePackage(package) :
     unable to find required package 'raster'
     Calls: <Anonymous> ... .findInheritedMethods -> getClass -> getClassDef -> .requirePackage
     Execution halted
Flavors: r-devel-linux-x86_64-debian-clang, r-devel-linux-x86_64-debian-gcc, r-devel-linux-x86_64-fedora-clang, r-devel-linux-x86_64-fedora-gcc, r-devel-windows-ix86+x86_64

Version: 3.0.0
Check: data for non-ASCII characters
Result: NOTE
     Error in .requirePackage(package) :
     unable to find required package 'raster'
     Calls: <Anonymous> ... getClass -> getClassDef -> .classEnv -> .requirePackage
     Execution halted
Flavors: r-patched-linux-x86_64, r-patched-solaris-x86, r-release-linux-x86_64, r-release-windows-ix86+x86_64, r-oldrel-windows-ix86+x86_64