CRAN Package Check Results for Package PortfolioAnalytics

Last updated on 2022-10-07 10:53:15 CEST.

Flavor Version Tinstall Tcheck Ttotal Status Flags
r-devel-linux-x86_64-debian-clang 1.1.0 20.65 392.70 413.35 OK
r-devel-linux-x86_64-debian-gcc 1.1.0 13.32 266.02 279.34 NOTE
r-devel-linux-x86_64-fedora-clang 1.1.0 520.68 OK
r-devel-linux-x86_64-fedora-gcc 1.1.0 502.70 OK
r-devel-windows-x86_64 1.1.0 402.00 182.00 584.00 OK --no-vignettes
r-patched-linux-x86_64 1.1.0 20.29 350.55 370.84 OK
r-release-linux-x86_64 1.1.0 18.35 350.59 368.94 OK
r-release-macos-arm64 1.1.0 164.00 OK
r-release-macos-x86_64 1.1.0 233.00 OK
r-release-windows-x86_64 1.1.0 96.00 142.00 238.00 OK --no-vignettes
r-oldrel-macos-arm64 1.1.0 210.00 NOTE
r-oldrel-macos-x86_64 1.1.0 310.00 OK
r-oldrel-windows-ix86+x86_64 1.1.0 37.00 156.00 193.00 OK --no-vignettes

Check Details

Version: 1.1.0
Check: compilation flags used
Result: NOTE
    Compilation used the following non-portable flag(s):
     ‘-Wstrict-prototypes’
Flavor: r-devel-linux-x86_64-debian-gcc

Version: 1.1.0
Check: package dependencies
Result: NOTE
    Package suggested but not available for checking: ‘ROI.plugin.symphony’
Flavor: r-oldrel-macos-arm64