CRAN Package Check Results for Package PortfolioEffectHFT

Last updated on 2021-06-24 00:48:53 CEST.

Flavor Version Tinstall Tcheck Ttotal Status Flags
r-devel-linux-x86_64-debian-clang 1.8 13.49 94.16 107.65 OK
r-devel-linux-x86_64-debian-gcc 1.8 12.12 70.06 82.18 OK
r-devel-linux-x86_64-fedora-clang 1.8 140.79 NOTE
r-devel-linux-x86_64-fedora-gcc 1.8 127.48 OK
r-devel-windows-x86_64 1.8 24.00 116.00 140.00 NOTE
r-devel-windows-x86_64-gcc10-UCRT 1.8 OK
r-patched-linux-x86_64 1.8 12.89 88.07 100.96 OK
r-patched-solaris-x86 1.8 177.80 NOTE
r-release-linux-x86_64 1.8 10.72 87.56 98.28 OK
r-release-macos-arm64 1.8 ERROR
r-release-macos-x86_64 1.8 NOTE
r-release-windows-ix86+x86_64 1.8 21.00 96.00 117.00 NOTE
r-oldrel-macos-x86_64 1.8 NOTE

Check Details

Version: 1.8
Check: installed package size
Result: NOTE
     installed size is 6.4Mb
     sub-directories of 1Mb or more:
     java 5.1Mb
Flavors: r-devel-linux-x86_64-fedora-clang, r-devel-windows-x86_64, r-patched-solaris-x86, r-release-macos-x86_64, r-release-windows-ix86+x86_64, r-oldrel-macos-x86_64

Version: 1.8
Check: whether package can be installed
Result: ERROR
    Installation failed.
Flavor: r-release-macos-arm64