CRAN Package Check Results for Package PortfolioOptim

Last updated on 2022-05-29 00:50:32 CEST.

Flavor Version Tinstall Tcheck Ttotal Status Flags
r-devel-linux-x86_64-debian-clang 1.1.1 2.93 37.45 40.38 NOTE
r-devel-linux-x86_64-debian-gcc 1.1.1 2.32 28.87 31.19 NOTE
r-devel-linux-x86_64-fedora-clang 1.1.1 50.54 NOTE
r-devel-linux-x86_64-fedora-gcc 1.1.1 47.99 NOTE
r-devel-windows-x86_64 1.1.1 30.00 59.00 89.00 NOTE
r-patched-linux-x86_64 1.1.1 3.16 36.42 39.58 NOTE
r-release-linux-x86_64 1.1.1 1.78 36.17 37.95 NOTE
r-release-macos-arm64 1.1.1 18.00 NOTE
r-release-macos-x86_64 1.1.1 22.00 NOTE
r-release-windows-x86_64 1.1.1 35.00 58.00 93.00 NOTE
r-oldrel-macos-arm64 1.1.1 20.00 NOTE
r-oldrel-macos-x86_64 1.1.1 28.00 NOTE
r-oldrel-windows-ix86+x86_64 1.1.1 6.00 47.00 53.00 NOTE

Check Details

Version: 1.1.1
Check: LazyData
Result: NOTE
     'LazyData' is specified without a 'data' directory
Flavors: r-devel-linux-x86_64-debian-clang, r-devel-linux-x86_64-debian-gcc, r-devel-linux-x86_64-fedora-clang, r-devel-linux-x86_64-fedora-gcc, r-devel-windows-x86_64, r-patched-linux-x86_64, r-release-linux-x86_64, r-release-macos-arm64, r-release-macos-x86_64, r-release-windows-x86_64, r-oldrel-macos-arm64, r-oldrel-macos-x86_64, r-oldrel-windows-ix86+x86_64