Last updated on 2022-06-30 22:55:38 CEST.
Flavor | Version | Tinstall | Tcheck | Ttotal | Status | Flags |
---|---|---|---|---|---|---|
r-devel-linux-x86_64-debian-clang | 1.0.2 | 11.84 | 100.89 | 112.73 | NOTE | |
r-devel-linux-x86_64-debian-gcc | 1.0.2 | 9.63 | 75.61 | 85.24 | NOTE | |
r-devel-linux-x86_64-fedora-clang | 1.0.2 | 145.10 | NOTE | |||
r-devel-linux-x86_64-fedora-gcc | 1.0.2 | 142.49 | NOTE | |||
r-devel-windows-x86_64 | 1.0.2 | 34.00 | 132.00 | 166.00 | NOTE | |
r-patched-linux-x86_64 | 1.0.2 | 11.30 | 94.17 | 105.47 | NOTE | |
r-release-linux-x86_64 | 1.0.2 | 12.07 | 97.18 | 109.25 | NOTE | |
r-release-macos-arm64 | 1.0.2 | 40.00 | NOTE | |||
r-release-macos-x86_64 | 1.0.2 | 81.00 | NOTE | |||
r-release-windows-x86_64 | 1.0.2 | 31.00 | 127.00 | 158.00 | NOTE | |
r-oldrel-macos-arm64 | 1.0.2 | 50.00 | NOTE | |||
r-oldrel-macos-x86_64 | 1.0.2 | 71.00 | NOTE | |||
r-oldrel-windows-ix86+x86_64 | 1.0.2 | 26.00 | 115.00 | 141.00 | NOTE |
Version: 1.0.2
Check: LazyData
Result: NOTE
'LazyData' is specified without a 'data' directory
Flavors: r-devel-linux-x86_64-debian-clang, r-devel-linux-x86_64-debian-gcc, r-devel-linux-x86_64-fedora-clang, r-devel-linux-x86_64-fedora-gcc, r-devel-windows-x86_64, r-patched-linux-x86_64, r-release-linux-x86_64, r-release-macos-arm64, r-release-macos-x86_64, r-release-windows-x86_64, r-oldrel-macos-arm64, r-oldrel-macos-x86_64, r-oldrel-windows-ix86+x86_64