CRAN Package Check Results for Package ProFAST

Last updated on 2024-02-28 15:49:32 CET.

Flavor Version Tinstall Tcheck Ttotal Status Flags
r-devel-linux-x86_64-debian-clang 1.3 176.58 661.95 838.53 OK
r-devel-linux-x86_64-debian-gcc 1.3 143.41 499.96 643.37 OK
r-devel-linux-x86_64-fedora-clang 1.3 1131.26 NOTE
r-devel-linux-x86_64-fedora-gcc 1.3 1234.46 NOTE
r-devel-windows-x86_64 1.3 133.00 454.00 587.00 OK
r-patched-linux-x86_64 1.3 178.86 641.37 820.23 OK
r-release-linux-x86_64 1.3 171.63 645.70 817.33 OK
r-release-macos-arm64 1.3 175.00 NOTE
r-release-macos-x86_64 1.3 7.00 ERROR
r-release-windows-x86_64 1.3 139.00 600.00 739.00 OK
r-oldrel-macos-arm64 1.3 167.00 NOTE
r-oldrel-windows-x86_64 1.3 144.00 546.00 690.00 OK

Check Details

Version: 1.3
Check: dependencies in R code
Result: NOTE Namespace in Imports field not imported from: ‘Rcpp’ All declared Imports should be used. Flavors: r-devel-linux-x86_64-fedora-clang, r-devel-linux-x86_64-fedora-gcc

Version: 1.3
Check: installed package size
Result: NOTE installed size is 12.9Mb sub-directories of 1Mb or more: libs 12.6Mb Flavors: r-release-macos-arm64, r-oldrel-macos-arm64

Version: 1.3
Check: package dependencies
Result: ERROR Package required but not available: ‘org.Mm.eg.db’ See section ‘The DESCRIPTION file’ in the ‘Writing R Extensions’ manual. Flavor: r-release-macos-x86_64