CRAN Package Check Results for Package ProjectTemplate

Last updated on 2018-02-21 01:47:47 CET.

Flavor Version Tinstall Tcheck Ttotal Status Flags
r-devel-linux-x86_64-debian-clang 0.8 2.92 32.77 35.69 OK
r-devel-linux-x86_64-debian-gcc 0.8 1.99 24.94 26.93 OK
r-devel-linux-x86_64-fedora-clang 0.8 41.60 OK
r-devel-linux-x86_64-fedora-gcc 0.8 41.25 OK
r-devel-windows-ix86+x86_64 0.8 6.00 61.00 67.00 OK
r-patched-linux-x86_64 0.8 1.62 32.35 33.97 OK
r-patched-solaris-x86 0.8 51.00 OK
r-release-linux-x86_64 0.8 1.25 33.05 34.30 OK
r-release-windows-ix86+x86_64 0.8 6.00 75.00 81.00 OK
r-release-osx-x86_64 0.8 OK
r-oldrel-windows-ix86+x86_64 0.8 11.00 72.00 83.00 OK
r-oldrel-osx-x86_64 0.8 NOTE

Check Details

Version: 0.8
Check: package dependencies
Result: NOTE
    Package suggested but not available for checking: ‘RODBC’
Flavor: r-oldrel-osx-x86_64