Last updated on 2019-02-21 01:50:55 CET.
Flavor | Version | Tinstall | Tcheck | Ttotal | Status | Flags |
---|---|---|---|---|---|---|
r-devel-linux-x86_64-debian-clang | 0.8.2 | 3.19 | 35.09 | 38.28 | OK | |
r-devel-linux-x86_64-debian-gcc | 0.8.2 | 2.67 | 27.34 | 30.01 | OK | |
r-devel-linux-x86_64-fedora-clang | 0.8.2 | 7.76 | ERROR | |||
r-devel-linux-x86_64-fedora-gcc | 0.8.2 | 42.28 | OK | |||
r-devel-windows-ix86+x86_64 | 0.8.2 | 7.00 | 105.00 | 112.00 | OK | |
r-patched-linux-x86_64 | 0.8.2 | OK | ||||
r-patched-solaris-x86 | 0.8.2 | 59.40 | OK | |||
r-release-linux-x86_64 | 0.8.2 | OK | ||||
r-release-windows-ix86+x86_64 | 0.8.2 | 7.00 | 105.00 | 112.00 | OK | |
r-release-osx-x86_64 | 0.8.2 | OK | ||||
r-oldrel-windows-ix86+x86_64 | 0.8.2 | 6.00 | 77.00 | 83.00 | OK | |
r-oldrel-osx-x86_64 | 0.8.2 | OK |
Version: 0.8.2
Check: whether package can be installed
Result: ERROR
Installation failed.
Flavor: r-devel-linux-x86_64-fedora-clang