CRAN Package Check Results for Package PublicationBias

Last updated on 2022-05-27 22:52:03 CEST.

Flavor Version Tinstall Tcheck Ttotal Status Flags
r-devel-linux-x86_64-debian-clang 2.2.0 9.92 112.57 122.49 NOTE
r-devel-linux-x86_64-debian-gcc 2.2.0 9.94 83.00 92.94 NOTE
r-devel-linux-x86_64-fedora-clang 2.2.0 147.72 NOTE
r-devel-linux-x86_64-fedora-gcc 2.2.0 143.15 NOTE
r-devel-windows-x86_64 2.2.0 25.00 120.00 145.00 NOTE
r-patched-linux-x86_64 2.2.0 12.56 106.64 119.20 NOTE
r-release-linux-x86_64 2.2.0 10.28 103.85 114.13 NOTE
r-release-macos-arm64 2.2.0 37.00 NOTE
r-release-macos-x86_64 2.2.0 66.00 NOTE
r-release-windows-x86_64 2.2.0 26.00 120.00 146.00 NOTE
r-oldrel-macos-arm64 2.2.0 44.00 NOTE
r-oldrel-macos-x86_64 2.2.0 58.00 NOTE
r-oldrel-windows-ix86+x86_64 2.2.0 26.00 116.00 142.00 NOTE

Check Details

Version: 2.2.0
Check: LazyData
Result: NOTE
     'LazyData' is specified without a 'data' directory
Flavors: r-devel-linux-x86_64-debian-clang, r-devel-linux-x86_64-debian-gcc, r-devel-linux-x86_64-fedora-clang, r-devel-linux-x86_64-fedora-gcc, r-devel-windows-x86_64, r-patched-linux-x86_64, r-release-linux-x86_64, r-release-macos-arm64, r-release-macos-x86_64, r-release-windows-x86_64, r-oldrel-macos-arm64, r-oldrel-macos-x86_64, r-oldrel-windows-ix86+x86_64

Version: 2.2.0
Check: dependencies in R code
Result: NOTE
    Namespace in Imports field not imported from: ‘Rdpack’
     All declared Imports should be used.
Flavors: r-devel-linux-x86_64-fedora-clang, r-devel-linux-x86_64-fedora-gcc, r-release-macos-arm64, r-release-macos-x86_64, r-oldrel-macos-arm64, r-oldrel-macos-x86_64