Last updated on 2022-06-27 16:52:02 CEST.
Flavor | Version | Tinstall | Tcheck | Ttotal | Status | Flags |
---|---|---|---|---|---|---|
r-devel-linux-x86_64-debian-clang | 0.6.2 | 13.57 | 177.66 | 191.23 | OK | |
r-devel-linux-x86_64-debian-gcc | 0.6.2 | 11.48 | 127.44 | 138.92 | OK | |
r-devel-linux-x86_64-fedora-clang | 0.6.2 | 227.14 | NOTE | |||
r-devel-linux-x86_64-fedora-gcc | 0.6.2 | 241.08 | OK | |||
r-devel-windows-x86_64 | 0.6.2 | 41.00 | 214.00 | 255.00 | OK | |
r-patched-linux-x86_64 | 0.6.2 | 19.02 | 164.69 | 183.71 | OK | |
r-release-linux-x86_64 | 0.6.2 | 8.20 | 165.28 | 173.48 | OK | |
r-release-macos-arm64 | 0.6.2 | 61.00 | OK | |||
r-release-macos-x86_64 | 0.6.2 | 120.00 | OK | |||
r-release-windows-x86_64 | 0.6.2 | 42.00 | 206.00 | 248.00 | OK | |
r-oldrel-macos-arm64 | 0.6.2 | 97.00 | OK | |||
r-oldrel-macos-x86_64 | 0.6.2 | 92.00 | OK | |||
r-oldrel-windows-ix86+x86_64 | 0.6.2 | 27.00 | 213.00 | 240.00 | OK |
Version: 0.6.2
Check: Rd cross-references
Result: NOTE
Undeclared package ‘tibble’ in Rd xrefs
Flavor: r-devel-linux-x86_64-fedora-clang