CRAN Package Check Results for Package QCA

Last updated on 2019-09-16 22:49:30 CEST.

Flavor Version Tinstall Tcheck Ttotal Status Flags
r-devel-linux-x86_64-debian-clang 3.5 15.49 73.20 88.69 OK
r-devel-linux-x86_64-debian-gcc 3.5 14.71 57.78 72.49 OK
r-devel-linux-x86_64-fedora-clang 3.5 114.72 NOTE
r-devel-linux-x86_64-fedora-gcc 3.5 111.90 OK
r-devel-windows-ix86+x86_64 3.5 42.00 109.00 151.00 NOTE
r-patched-linux-x86_64 3.5 16.21 76.03 92.24 OK
r-patched-solaris-x86 3.5 1932.40 ERROR
r-release-linux-x86_64 3.5 15.24 74.68 89.92 OK
r-release-windows-ix86+x86_64 3.5 29.00 105.00 134.00 NOTE
r-release-osx-x86_64 3.5 NOTE
r-oldrel-windows-ix86+x86_64 3.5 40.00 139.00 179.00 NOTE
r-oldrel-osx-x86_64 3.5 NOTE

Additional issues

valgrind

Check Details

Version: 3.5
Check: installed package size
Result: NOTE
     installed size is 5.5Mb
     sub-directories of 1Mb or more:
     gui 1.2Mb
     staticdocs 3.3Mb
Flavors: r-devel-linux-x86_64-fedora-clang, r-devel-windows-ix86+x86_64, r-patched-solaris-x86, r-release-windows-ix86+x86_64, r-release-osx-x86_64, r-oldrel-windows-ix86+x86_64, r-oldrel-osx-x86_64

Version: 3.5
Check: examples
Result: ERROR
    Running examples in ‘QCA-Ex.R’ failed
    The error most likely occurred in:
    
    > ### Name: XYplot
    > ### Title: Create an XY plot
    > ### Aliases: XYplot
    > ### Keywords: functions
    >
    > ### ** Examples
    >
    >
    > # Cebotari & Vink (2013)
    > # necessity relation between NATPRIDE and PROTEST
    > XYplot(CVF[, 5:6])
    >
    > # same using two numeric vectors
    > XYplot(CVF$NATPRIDE, CVF$PROTEST)
    >
    > # same using two column names
    > XYplot("NATPRIDE", "PROTEST", data = CVF)
    >
    > # or using one string containing both
    > XYplot("NATPRIDE, PROTEST", data = CVF)
    >
    > # since they are valid R statements, it works even without quotes
    > # (this only works in normal R console, not in the GUI version)
    > XYplot(NATPRIDE, PROTEST, data = CVF)
    >
    > # negating the X axis, using numeric vectors
    > XYplot(1 - CVF$NATPRIDE, CVF$PROTEST)
    >
    > # same thing using quotes
    > XYplot("1 - NATPRIDE, PROTEST", data = CVF)
    >
    > # using tilde for negation
    > XYplot("~NATPRIDE, PROTEST", data = CVF)
    >
    > # different color for the points
    > XYplot("~NATPRIDE, PROTEST", data = CVF, col = "blue")
    >
    > # using a different character expansion for the axes
    > XYplot("~NATPRIDE, PROTEST" , data = CVF, cex.axis = 0.9)
    >
    > # custom axis labels
    > XYplot("~NATPRIDE, PROTEST", data = CVF, xlab = "Negation of NATPRIDE",
    + ylab = "Outcome: PROTEST")
    >
    > # necessity relation
    > XYplot("~NATPRIDE, PROTEST", data = CVF, relation = "necessity")
    >
    > # jitter the points
    > XYplot("~NATPRIDE, PROTEST", data = CVF, jitter = TRUE)
    >
    > # jitter with more amount
    > XYplot("~NATPRIDE, PROTEST", data = CVF, jitter = TRUE, amount = 0.02)
    >
    > # adding labels to points
    > XYplot("~NATPRIDE, PROTEST", data = CVF, jitter = TRUE, cex = 0.8,
    + clabels = rownames(CVF))
    >
    > # or just the row numbers, since the row names are too long
    > XYplot("~NATPRIDE, PROTEST", data = CVF, jitter = TRUE, cex = 0.8,
    + clabels = seq(nrow(CVF)))
    >
    >
    > # using a SOP expression (necessity relation)
    > XYplot("NATPRIDE <= ~PROTEST", data = CVF, jitter = TRUE, cex = 0.8,
    + clabels = seq(nrow(CVF)))
    >
    >
    > #-----
    > # enhanced XY plot for process tracing
    > XYplot("~NATPRIDE, PROTEST", data = CVF, enhance = TRUE, jitter = TRUE)
    >
    >
    > # enhanced XY plot for a solution model
    > sol <- "natpride + DEMOC*GEOCON*POLDIS + DEMOC*ETHFRACT*GEOCON"
    > XYplot("~NATPRIDE, PROTEST", data = CVF, enhance = TRUE, model = TRUE)
    >
    >
    > # same plot, automatically detected from object pCVF
    > ttCVF <- truthTable(CVF, "PROTEST", incl.cut = 0.85)
    > pCVF <- minimize(ttCVF, include = "?")
Flavor: r-patched-solaris-x86