CRAN Package Check Results for Package QCAtools

Last updated on 2022-05-28 22:55:16 CEST.

Flavor Version Tinstall Tcheck Ttotal Status Flags
r-devel-linux-x86_64-debian-clang 0.2.3 5.89 70.50 76.39 NOTE
r-devel-linux-x86_64-debian-gcc 0.2.3 5.29 51.98 57.27 NOTE
r-devel-linux-x86_64-fedora-clang 0.2.3 92.16 NOTE
r-devel-linux-x86_64-fedora-gcc 0.2.3 87.61 NOTE
r-devel-windows-x86_64 0.2.3 13.00 85.00 98.00 NOTE
r-patched-linux-x86_64 0.2.3 5.69 64.21 69.90 NOTE
r-release-linux-x86_64 0.2.3 5.25 65.65 70.90 NOTE
r-release-macos-arm64 0.2.3 25.00 NOTE
r-release-macos-x86_64 0.2.3 48.00 NOTE
r-release-windows-x86_64 0.2.3 17.00 84.00 101.00 NOTE
r-oldrel-macos-arm64 0.2.3 34.00 NOTE
r-oldrel-macos-x86_64 0.2.3 38.00 NOTE
r-oldrel-windows-ix86+x86_64 0.2.3 18.00 85.00 103.00 NOTE

Check Details

Version: 0.2.3
Check: LazyData
Result: NOTE
     'LazyData' is specified without a 'data' directory
Flavors: r-devel-linux-x86_64-debian-clang, r-devel-linux-x86_64-debian-gcc, r-devel-linux-x86_64-fedora-clang, r-devel-linux-x86_64-fedora-gcc, r-devel-windows-x86_64, r-patched-linux-x86_64, r-release-linux-x86_64, r-release-macos-arm64, r-release-macos-x86_64, r-release-windows-x86_64, r-oldrel-macos-arm64, r-oldrel-macos-x86_64, r-oldrel-windows-ix86+x86_64