CRAN Package Check Results for Package QTOCen

Last updated on 2020-07-07 07:48:12 CEST.

Flavor Version Tinstall Tcheck Ttotal Status Flags
r-devel-linux-x86_64-debian-clang 0.1.1 9.07 107.67 116.74 OK
r-devel-linux-x86_64-debian-gcc 0.1.1 6.57 81.10 87.67 OK
r-devel-linux-x86_64-fedora-clang 0.1.1 146.97 NOTE
r-devel-linux-x86_64-fedora-gcc 0.1.1 137.05 NOTE
r-devel-windows-ix86+x86_64 0.1.1 18.00 130.00 148.00 OK
r-patched-linux-x86_64 0.1.1 9.47 105.71 115.18 OK
r-patched-solaris-x86 0.1.1 200.80 NOTE
r-release-linux-x86_64 0.1.1 8.15 108.54 116.69 OK
r-release-osx-x86_64 0.1.1 NOTE
r-release-windows-ix86+x86_64 0.1.1 17.00 112.00 129.00 OK
r-oldrel-osx-x86_64 0.1.1 NOTE
r-oldrel-windows-ix86+x86_64 0.1.1 16.00 169.00 185.00 OK

Check Details

Version: 0.1.1
Check: dependencies in R code
Result: NOTE
    Namespace in Imports field not imported from: ‘MatrixModels’
     All declared Imports should be used.
Flavors: r-devel-linux-x86_64-fedora-clang, r-devel-linux-x86_64-fedora-gcc, r-patched-solaris-x86, r-release-osx-x86_64, r-oldrel-osx-x86_64