CRAN Package Check Results for Package QoLMiss

Last updated on 2022-08-13 09:54:32 CEST.

Flavor Version Tinstall Tcheck Ttotal Status Flags
r-devel-linux-x86_64-debian-clang 0.1.0 11.81 102.03 113.84 OK
r-devel-linux-x86_64-debian-gcc 0.1.0 9.29 73.60 82.89 OK
r-devel-linux-x86_64-fedora-clang 0.1.0 138.32 NOTE
r-devel-linux-x86_64-fedora-gcc 0.1.0 147.47 NOTE
r-devel-windows-x86_64 0.1.0 26.00 118.00 144.00 OK
r-patched-linux-x86_64 0.1.0 9.91 92.63 102.54 OK
r-release-linux-x86_64 0.1.0 9.69 92.49 102.18 OK
r-release-macos-arm64 0.1.0 39.00 NOTE
r-release-macos-x86_64 0.1.0 68.00 NOTE
r-release-windows-x86_64 0.1.0 35.00 113.00 148.00 OK
r-oldrel-macos-arm64 0.1.0 36.00 NOTE
r-oldrel-macos-x86_64 0.1.0 59.00 NOTE
r-oldrel-windows-ix86+x86_64 0.1.0 24.00 120.00 144.00 OK

Check Details

Version: 0.1.0
Check: dependencies in R code
Result: NOTE
    Namespace in Imports field not imported from: ‘missMethods’
     All declared Imports should be used.
Flavors: r-devel-linux-x86_64-fedora-clang, r-devel-linux-x86_64-fedora-gcc, r-release-macos-arm64, r-release-macos-x86_64, r-oldrel-macos-arm64, r-oldrel-macos-x86_64