CRAN Package Check Results for Package QuACN

Last updated on 2018-02-20 17:47:55 CET.

Flavor Version Tinstall Tcheck Ttotal Status Flags
r-devel-linux-x86_64-debian-clang 1.8.0 4.97 77.41 82.38 NOTE
r-devel-linux-x86_64-debian-gcc 1.8.0 4.54 58.23 62.77 NOTE
r-devel-linux-x86_64-fedora-clang 1.8.0 95.93 NOTE
r-devel-linux-x86_64-fedora-gcc 1.8.0 92.81 NOTE
r-devel-windows-ix86+x86_64 1.8.0 12.00 114.00 126.00 NOTE
r-patched-linux-x86_64 1.8.0 3.72 78.09 81.81 NOTE
r-patched-solaris-x86 1.8.0 111.30 NOTE
r-release-linux-x86_64 1.8.0 3.41 78.00 81.41 NOTE
r-release-windows-ix86+x86_64 1.8.0 15.00 145.00 160.00 NOTE
r-release-osx-x86_64 1.8.0 NOTE
r-oldrel-windows-ix86+x86_64 1.8.0 13.00 130.00 143.00 NOTE
r-oldrel-osx-x86_64 1.8.0 NOTE

Check Details

Version: 1.8.0
Check: dependencies in R code
Result: NOTE
    'library' or 'require' call to ‘Rmpfr’ in package code.
     Please use :: or requireNamespace() instead.
     See section 'Suggested packages' in the 'Writing R Extensions' manual.
Flavors: r-devel-linux-x86_64-debian-clang, r-devel-linux-x86_64-debian-gcc, r-devel-linux-x86_64-fedora-clang, r-devel-linux-x86_64-fedora-gcc, r-devel-windows-ix86+x86_64, r-patched-linux-x86_64, r-patched-solaris-x86, r-release-linux-x86_64, r-release-windows-ix86+x86_64, r-release-osx-x86_64, r-oldrel-windows-ix86+x86_64, r-oldrel-osx-x86_64

Version: 1.8.0
Check: R code for possible problems
Result: NOTE
    adjacencyMatrix: no visible global function definition for ‘as’
    Undefined global functions or variables:
     as
    Consider adding
     importFrom("methods", "as")
    to your NAMESPACE file (and ensure that your DESCRIPTION Imports field
    contains 'methods').
Flavors: r-devel-linux-x86_64-debian-clang, r-devel-linux-x86_64-debian-gcc, r-devel-linux-x86_64-fedora-clang, r-devel-linux-x86_64-fedora-gcc, r-devel-windows-ix86+x86_64, r-patched-linux-x86_64, r-patched-solaris-x86, r-release-linux-x86_64, r-release-windows-ix86+x86_64, r-release-osx-x86_64, r-oldrel-windows-ix86+x86_64

Version: 1.8.0
Check: compiled code
Result: NOTE
    File ‘QuACN/libs/QuACN.so’:
     Found no call to: ‘R_useDynamicSymbols’
    
    It is good practice to register native routines and to disable symbol
    search.
    
    See ‘Writing portable packages’ in the ‘Writing R Extensions’ manual.
Flavors: r-devel-linux-x86_64-debian-clang, r-devel-linux-x86_64-debian-gcc, r-devel-linux-x86_64-fedora-clang, r-devel-linux-x86_64-fedora-gcc, r-patched-linux-x86_64, r-release-linux-x86_64