CRAN Package Check Results for Package R.cache

Last updated on 2024-06-21 10:56:42 CEST.

Flavor Version Tinstall Tcheck Ttotal Status Flags
r-devel-linux-x86_64-debian-clang 0.16.0 3.35 44.12 47.47 NOTE
r-devel-linux-x86_64-debian-gcc 0.16.0 2.74 34.31 37.05 NOTE
r-devel-linux-x86_64-fedora-clang 0.16.0 60.71 NOTE
r-devel-linux-x86_64-fedora-gcc 0.16.0 57.03 NOTE
r-devel-windows-x86_64 0.16.0 5.00 486.00 491.00 NOTE
r-patched-linux-x86_64 0.16.0 4.10 43.90 48.00 NOTE
r-release-linux-x86_64 0.16.0 3.09 43.91 47.00 NOTE
r-release-macos-arm64 0.16.0 38.00 NOTE
r-release-macos-x86_64 0.16.0 48.00 NOTE
r-release-windows-x86_64 0.16.0 5.00 433.00 438.00 NOTE
r-oldrel-macos-arm64 0.16.0 40.00 OK
r-oldrel-macos-x86_64 0.16.0 47.00 OK
r-oldrel-windows-x86_64 0.16.0 4.00 193.00 197.00 OK

Check Details

Version: 0.16.0
Check: Rd files
Result: NOTE checkRd: (-1) R.cache-package.Rd:28-30: Lost braces in \itemize; meant \describe ? checkRd: (-1) R.cache-package.Rd:31-34: Lost braces in \itemize; meant \describe ? Flavors: r-devel-linux-x86_64-debian-clang, r-devel-linux-x86_64-debian-gcc, r-devel-linux-x86_64-fedora-clang, r-devel-linux-x86_64-fedora-gcc, r-devel-windows-x86_64, r-patched-linux-x86_64, r-release-linux-x86_64, r-release-macos-arm64, r-release-macos-x86_64, r-release-windows-x86_64