CRAN Package Check Results for Package R.rsp

Last updated on 2021-04-18 09:47:53 CEST.

Flavor Version Tinstall Tcheck Ttotal Status Flags
r-devel-linux-x86_64-debian-clang 0.44.0 14.27 167.30 181.57 OK
r-devel-linux-x86_64-debian-gcc 0.44.0 10.38 132.92 143.30 OK
r-devel-linux-x86_64-fedora-clang 0.44.0 232.30 OK
r-devel-linux-x86_64-fedora-gcc 0.44.0 215.62 OK
r-devel-windows-ix86+x86_64 0.44.0 27.00 407.00 434.00 OK
r-devel-windows-x86_64-gcc10-UCRT 0.44.0 OK
r-patched-linux-x86_64 0.44.0 13.36 162.78 176.14 OK
r-patched-solaris-x86 0.44.0 297.20 OK
r-release-linux-x86_64 0.44.0 10.77 162.37 173.14 OK
r-release-macos-x86_64 0.44.0 OK
r-release-windows-ix86+x86_64 0.44.0 19.00 376.00 395.00 OK
r-oldrel-macos-x86_64 0.44.0 NOTE
r-oldrel-windows-ix86+x86_64 0.44.0 21.00 378.00 399.00 OK

Check Details

Version: 0.44.0
Check: dependencies in R code
Result: NOTE
    No protocol specified
    No protocol specified
Flavor: r-oldrel-macos-x86_64