Last updated on 2023-12-05 00:52:15 CET.
Flavor | Version | Tinstall | Tcheck | Ttotal | Status | Flags |
---|---|---|---|---|---|---|
r-devel-linux-x86_64-debian-clang | 0.1.3 | 9.11 | 154.27 | 163.38 | OK | |
r-devel-linux-x86_64-debian-gcc | 0.1.3 | 8.08 | 111.93 | 120.01 | OK | |
r-devel-linux-x86_64-fedora-clang | 0.1.3 | 194.96 | NOTE | |||
r-devel-linux-x86_64-fedora-gcc | 0.1.3 | 189.04 | NOTE | |||
r-devel-windows-x86_64 | 0.1.3 | 13.00 | 124.00 | 137.00 | OK | |
r-patched-linux-x86_64 | 0.1.3 | 17.71 | 146.17 | 163.88 | OK | |
r-release-linux-x86_64 | 0.1.3 | 7.33 | 145.09 | 152.42 | OK | |
r-release-macos-arm64 | 0.1.3 | 62.00 | OK | |||
r-release-macos-x86_64 | 0.1.3 | 110.00 | OK | |||
r-release-windows-x86_64 | 0.1.3 | 18.00 | 154.00 | 172.00 | OK | |
r-oldrel-macos-arm64 | 0.1.3 | 35.00 | NOTE | |||
r-oldrel-macos-x86_64 | 0.1.3 | 80.00 | NOTE | |||
r-oldrel-windows-x86_64 | 0.1.3 | 18.00 | 151.00 | 169.00 | OK |
Version: 0.1.3
Check: dependencies in R code
Result: NOTE
Namespace in Imports field not imported from: ‘testthat’
All declared Imports should be used.
Flavors: r-devel-linux-x86_64-fedora-clang, r-devel-linux-x86_64-fedora-gcc, r-oldrel-macos-arm64, r-oldrel-macos-x86_64