CRAN Package Check Results for Package R.temis

Last updated on 2022-12-02 09:53:04 CET.

Flavor Version Tinstall Tcheck Ttotal Status Flags
r-devel-linux-x86_64-debian-clang 0.1.3 10.27 162.99 173.26 OK
r-devel-linux-x86_64-debian-gcc 0.1.3 7.72 118.56 126.28 OK
r-devel-linux-x86_64-fedora-clang 0.1.3 213.87 NOTE
r-devel-linux-x86_64-fedora-gcc 0.1.3 209.24 NOTE
r-devel-windows-x86_64 0.1.3 25.00 181.00 206.00 OK
r-patched-linux-x86_64 0.1.3 16.39 147.06 163.45 OK
r-release-linux-x86_64 0.1.3 9.60 146.92 156.52 OK
r-release-macos-arm64 0.1.3 35.00 NOTE
r-release-macos-x86_64 0.1.3 80.00 NOTE
r-release-windows-x86_64 0.1.3 28.00 185.00 213.00 OK
r-oldrel-macos-arm64 0.1.3 45.00 NOTE
r-oldrel-macos-x86_64 0.1.3 72.00 NOTE
r-oldrel-windows-ix86+x86_64 0.1.3 33.00 179.00 212.00 OK

Check Details

Version: 0.1.3
Check: dependencies in R code
Result: NOTE
    Namespace in Imports field not imported from: ‘testthat’
     All declared Imports should be used.
Flavors: r-devel-linux-x86_64-fedora-clang, r-devel-linux-x86_64-fedora-gcc, r-release-macos-arm64, r-release-macos-x86_64, r-oldrel-macos-arm64, r-oldrel-macos-x86_64