Last updated on 2023-12-01 12:52:30 CET.
Flavor | Version | Tinstall | Tcheck | Ttotal | Status | Flags |
---|---|---|---|---|---|---|
r-devel-linux-x86_64-debian-clang | 1.3-1 | 4.14 | 63.75 | 67.89 | NOTE | |
r-devel-linux-x86_64-debian-gcc | 1.3-1 | 3.95 | 48.12 | 52.07 | NOTE | |
r-devel-linux-x86_64-fedora-clang | 1.3-1 | 84.70 | NOTE | |||
r-devel-linux-x86_64-fedora-gcc | 1.3-1 | 81.85 | OK | |||
r-devel-windows-x86_64 | 1.3-1 | 5.00 | 82.00 | 87.00 | OK | |
r-patched-linux-x86_64 | 1.3-1 | 5.96 | 61.39 | 67.35 | OK | |
r-release-linux-x86_64 | 1.3-1 | 4.35 | 60.02 | 64.37 | OK | |
r-release-macos-arm64 | 1.3-1 | 29.00 | OK | |||
r-release-macos-x86_64 | 1.3-1 | 70.00 | OK | |||
r-release-windows-x86_64 | 1.3-1 | 7.00 | 88.00 | 95.00 | OK | |
r-oldrel-macos-arm64 | 1.3-1 | 121.00 | OK | |||
r-oldrel-macos-x86_64 | 1.3-1 | 44.00 | OK | |||
r-oldrel-windows-x86_64 | 1.3-1 | 7.00 | 78.00 | 85.00 | OK |
Version: 1.3-1
Check: Rd files
Result: NOTE
checkRd: (-1) est.R0.ML.Rd:98: Lost braces
98 | Supplementary Material S1 from \doi{10.1186/1472-6947-12-147}{Obadia et al., 2012}.
| ^
checkRd: (-1) plot.R0.R.Rd:20: Lost braces
20 | Called for side effect. Draws all \eqn{R_{0}} or /eqn{R(t)} values from one estimation method.
| ^
checkRd: (-1) plot.R0.sR.Rd:20: Lost braces
20 | Called for side effect. Draws all \eqn{R_{0}} or /eqn{R(t)} values from an
| ^
Flavors: r-devel-linux-x86_64-debian-clang, r-devel-linux-x86_64-debian-gcc
Version: 1.3-1
Check: Rd cross-references
Result: NOTE
Undeclared package ‘epitools’ in Rd xrefs
Flavor: r-devel-linux-x86_64-fedora-clang