CRAN Package Check Results for Package R2019nCoV

Last updated on 2022-01-17 00:48:44 CET.

Flavor Version Tinstall Tcheck Ttotal Status Flags
r-devel-linux-x86_64-debian-clang 0.1.0 7.31 78.71 86.02 OK
r-devel-linux-x86_64-debian-gcc 0.1.0 6.13 61.18 67.31 OK
r-devel-linux-x86_64-fedora-clang 0.1.0 101.06 NOTE
r-devel-linux-x86_64-fedora-gcc 0.1.0 84.75 NOTE
r-devel-windows-x86_64-new-UL 0.1.0 41.00 100.00 141.00 OK
r-devel-windows-x86_64-new-TK 0.1.0 NOTE
r-patched-linux-x86_64 0.1.0 7.88 67.69 75.57 OK
r-release-linux-x86_64 0.1.0 OK
r-release-macos-arm64 0.1.0 NOTE
r-release-macos-x86_64 0.1.0 NOTE
r-release-windows-ix86+x86_64 0.1.0 16.00 102.00 118.00 OK
r-oldrel-macos-x86_64 0.1.0 NOTE
r-oldrel-windows-ix86+x86_64 0.1.0 17.00 101.00 118.00 OK

Check Details

Version: 0.1.0
Check: data for non-ASCII characters
Result: NOTE
     Note: found 89912 marked UTF-8 strings
Flavors: r-devel-linux-x86_64-fedora-clang, r-devel-linux-x86_64-fedora-gcc, r-devel-windows-x86_64-new-TK, r-release-macos-arm64, r-release-macos-x86_64, r-oldrel-macos-x86_64