CRAN Package Check Results for Package R2019nCoV

Last updated on 2020-07-02 07:50:05 CEST.

Flavor Version Tinstall Tcheck Ttotal Status Flags
r-devel-linux-x86_64-debian-clang 0.1.0 6.46 61.83 68.29 OK
r-devel-linux-x86_64-debian-gcc 0.1.0 6.39 42.02 48.41 OK
r-devel-linux-x86_64-fedora-clang 0.1.0 82.12 NOTE
r-devel-linux-x86_64-fedora-gcc 0.1.0 73.76 NOTE
r-devel-windows-ix86+x86_64 0.1.0 22.00 107.00 129.00 OK
r-patched-linux-x86_64 0.1.0 7.69 54.82 62.51 OK
r-patched-solaris-x86 0.1.0 112.50 NOTE
r-release-linux-x86_64 0.1.0 7.17 54.40 61.57 OK
r-release-osx-x86_64 0.1.0 NOTE
r-release-windows-ix86+x86_64 0.1.0 15.00 83.00 98.00 OK
r-oldrel-osx-x86_64 0.1.0 NOTE
r-oldrel-windows-ix86+x86_64 0.1.0 31.00 86.00 117.00 OK

Check Details

Version: 0.1.0
Check: data for non-ASCII characters
Result: NOTE
     Note: found 89912 marked UTF-8 strings
Flavors: r-devel-linux-x86_64-fedora-clang, r-devel-linux-x86_64-fedora-gcc, r-patched-solaris-x86, r-release-osx-x86_64, r-oldrel-osx-x86_64