CRAN Package Check Results for Package R2HTML

Last updated on 2018-10-19 08:49:08 CEST.

Flavor Version Tinstall Tcheck Ttotal Status Flags
r-devel-linux-x86_64-debian-clang 2.3.2 5.88 38.32 44.20 OK
r-devel-linux-x86_64-debian-gcc 2.3.2 4.19 30.47 34.66 OK
r-devel-linux-x86_64-fedora-clang 2.3.2 51.94 OK
r-devel-linux-x86_64-fedora-gcc 2.3.2 49.18 OK
r-devel-windows-ix86+x86_64 2.3.2 12.00 65.00 77.00 ERROR
r-patched-linux-x86_64 2.3.2 5.60 36.03 41.63 OK
r-patched-solaris-x86 2.3.2 65.20 OK
r-release-linux-x86_64 2.3.2 5.95 36.42 42.37 OK
r-release-windows-ix86+x86_64 2.3.2 10.00 58.00 68.00 OK
r-release-osx-x86_64 2.3.2 OK
r-oldrel-windows-ix86+x86_64 2.3.2 5.00 57.00 62.00 OK
r-oldrel-osx-x86_64 2.3.2 OK

Check Details

Version: 2.3.2
Check: examples
Result: ERROR
    Running examples in 'R2HTML-Ex.R' failed
    The error most likely occurred in:
    
    > ### Name: HTM2clip
    > ### Title: Wrapper around HTML() to save output to the clipboard
    > ### Aliases: HTML2clip
    > ### Keywords: print IO file
    >
    > ### ** Examples
    >
    > if (.Platform$OS == "windows")
    + HTML2clip(summary(lm(rating ~., attitude)))
    >
    >
    >
    > cleanEx()
    Error: connections left open:
     clipboard (clipboard)
    Execution halted
Flavor: r-devel-windows-ix86+x86_64