CRAN Package Check Results for Package R2HTML

Last updated on 2019-01-24 09:49:48 CET.

Flavor Version Tinstall Tcheck Ttotal Status Flags
r-devel-linux-x86_64-debian-clang 2.3.2 4.57 38.64 43.21 OK
r-devel-linux-x86_64-debian-gcc 2.3.2 4.08 30.17 34.25 OK
r-devel-linux-x86_64-fedora-clang 2.3.2 52.62 OK
r-devel-linux-x86_64-fedora-gcc 2.3.2 49.08 OK
r-devel-windows-ix86+x86_64 2.3.2 15.00 69.00 84.00 ERROR
r-patched-linux-x86_64 2.3.2 5.59 36.22 41.81 OK
r-patched-solaris-x86 2.3.2 68.00 OK
r-release-linux-x86_64 2.3.2 5.63 35.35 40.98 OK
r-release-windows-ix86+x86_64 2.3.2 9.00 79.00 88.00 OK
r-release-osx-x86_64 2.3.2 OK
r-oldrel-windows-ix86+x86_64 2.3.2 6.00 49.00 55.00 OK
r-oldrel-osx-x86_64 2.3.2 OK

Check Details

Version: 2.3.2
Check: examples
Result: ERROR
    Running examples in 'R2HTML-Ex.R' failed
    The error most likely occurred in:
    
    > ### Name: HTM2clip
    > ### Title: Wrapper around HTML() to save output to the clipboard
    > ### Aliases: HTML2clip
    > ### Keywords: print IO file
    >
    > ### ** Examples
    >
    > if (.Platform$OS == "windows")
    + HTML2clip(summary(lm(rating ~., attitude)))
    >
    >
    >
    > cleanEx()
    Error: connections left open:
     clipboard (clipboard)
    Execution halted
Flavor: r-devel-windows-ix86+x86_64