Last updated on 2021-01-26 18:50:50 CET.
Flavor | Version | Tinstall | Tcheck | Ttotal | Status | Flags |
---|---|---|---|---|---|---|
r-devel-linux-x86_64-debian-clang | 0.8-7 | 54.39 | 200.07 | 254.46 | OK | |
r-devel-linux-x86_64-debian-gcc | 0.8-7 | 45.63 | 148.17 | 193.80 | OK | |
r-devel-linux-x86_64-fedora-clang | 0.8-7 | 316.19 | NOTE | |||
r-devel-linux-x86_64-fedora-gcc | 0.8-7 | 327.91 | OK | |||
r-devel-windows-ix86+x86_64 | 0.8-7 | 104.00 | 223.00 | 327.00 | OK | |
r-patched-linux-x86_64 | 0.8-7 | 52.33 | 178.45 | 230.78 | OK | |
r-release-linux-x86_64 | 0.8-7 | 54.35 | 181.32 | 235.67 | OK | |
r-release-macos-x86_64 | 0.8-7 | OK | ||||
r-release-windows-ix86+x86_64 | 0.8-7 | 104.00 | 165.00 | 269.00 | OK | |
r-oldrel-macos-x86_64 | 0.8-7 | OK | ||||
r-oldrel-windows-ix86+x86_64 | 0.8-7 | 79.00 | 203.00 | 282.00 | OK |
Version: 0.8-7
Check: Rd cross-references
Result: NOTE
Undeclared package ‘generics’ in Rd xrefs
Flavor: r-devel-linux-x86_64-fedora-clang