Last updated on 2021-01-25 00:48:07 CET.
Flavor | Version | Tinstall | Tcheck | Ttotal | Status | Flags |
---|---|---|---|---|---|---|
r-devel-linux-x86_64-debian-clang | 2.1-21 | 3.92 | 48.14 | 52.06 | NOTE | |
r-devel-linux-x86_64-debian-gcc | 2.1-21 | 3.41 | 37.41 | 40.82 | NOTE | |
r-devel-linux-x86_64-fedora-clang | 2.1-21 | 73.03 | OK | |||
r-devel-linux-x86_64-fedora-gcc | 2.1-21 | 63.34 | OK | |||
r-devel-windows-ix86+x86_64 | 2.1-21 | 9.00 | 69.00 | 78.00 | OK | |
r-patched-linux-x86_64 | 2.1-21 | 4.37 | 46.45 | 50.82 | NOTE | |
r-patched-solaris-x86 | 2.1-21 | 89.30 | NOTE | |||
r-release-linux-x86_64 | 2.1-21 | 4.40 | 46.54 | 50.94 | NOTE | |
r-release-macos-x86_64 | 2.1-21 | NOTE | ||||
r-release-windows-ix86+x86_64 | 2.1-21 | 6.00 | 65.00 | 71.00 | OK | |
r-oldrel-macos-x86_64 | 2.1-21 | NOTE | ||||
r-oldrel-windows-ix86+x86_64 | 2.1-21 | 6.00 | 65.00 | 71.00 | OK |
Version: 2.1-21
Check: R code for possible problems
Result: NOTE
Found the following calls to attach():
File 'R2WinBUGS/R/attach.all.R':
attach(x, name = name)
See section 'Good practice' in '?attach'.
Flavors: r-devel-linux-x86_64-debian-clang, r-devel-linux-x86_64-debian-gcc, r-patched-linux-x86_64, r-release-linux-x86_64
Version: 2.1-21
Check: package dependencies
Result: NOTE
Package suggested but not available for checking: ‘BRugs’
Flavors: r-patched-solaris-x86, r-release-macos-x86_64, r-oldrel-macos-x86_64
Version: 2.1-21
Check: Rd cross-references
Result: NOTE
Package unavailable to check Rd xrefs: ‘BRugs’
Flavors: r-release-macos-x86_64, r-oldrel-macos-x86_64