CRAN Package Check Results for Package RAD

Last updated on 2019-09-19 10:48:00 CEST.

Flavor Version Tinstall Tcheck Ttotal Status Flags
r-devel-linux-x86_64-debian-clang 0.3 3.12 65.70 68.82 NOTE
r-devel-linux-x86_64-debian-gcc 0.3 2.63 52.69 55.32 NOTE
r-devel-linux-x86_64-fedora-clang 0.3 82.87 NOTE
r-devel-linux-x86_64-fedora-gcc 0.3 68.24 NOTE
r-devel-windows-ix86+x86_64 0.3 12.00 119.00 131.00 NOTE
r-patched-linux-x86_64 0.3 3.10 53.55 56.65 NOTE
r-patched-solaris-x86 0.3 117.90 NOTE
r-release-linux-x86_64 0.3 2.87 53.75 56.62 NOTE
r-release-windows-ix86+x86_64 0.3 10.00 152.00 162.00 NOTE
r-release-osx-x86_64 0.3 NOTE
r-oldrel-windows-ix86+x86_64 0.3 8.00 136.00 144.00 NOTE
r-oldrel-osx-x86_64 0.3 NOTE

Additional issues

rchk

Check Details

Version: 0.3
Check: DESCRIPTION meta-information
Result: NOTE
    Malformed Description field: should contain one or more complete sentences.
Flavors: r-devel-linux-x86_64-debian-clang, r-devel-linux-x86_64-debian-gcc, r-devel-linux-x86_64-fedora-clang, r-devel-linux-x86_64-fedora-gcc, r-devel-windows-ix86+x86_64, r-patched-linux-x86_64, r-patched-solaris-x86, r-release-linux-x86_64, r-release-windows-ix86+x86_64, r-release-osx-x86_64, r-oldrel-windows-ix86+x86_64, r-oldrel-osx-x86_64

Version: 0.3
Check: R code for possible problems
Result: NOTE
    MDMnMod: no visible global function definition for 'model.frame'
    MDMnMod: no visible global function definition for 'model.response'
    MDMnMod: no visible global function definition for 'model.matrix'
    MDMnMod: no visible binding for global variable 'sd'
    NBLogl: no visible global function definition for 'dnbinom'
    TLogl: no visible global function definition for 'dnbinom'
    TLogl: no visible global function definition for 'dpois'
    TLogl.c: no visible global function definition for 'dpois'
    TLogl.old: no visible global function definition for 'dnbinom'
    TLogl.old: no visible global function definition for 'dpois'
    estimate.dirichletMultinomial: no visible global function definition
     for 'nlminb'
    estimate.dirichletMultinomial: no visible global function definition
     for 'qnorm'
    estimate.modifiedDMn: no visible global function definition for
     'nlminb'
    estimate.multinomial: no visible global function definition for
     'nlminb'
    estimate.multinomial: no visible global function definition for
     'dbinom'
    estimate.multinomial: no visible global function definition for 'qnorm'
    negBinMod: no visible global function definition for 'model.frame'
    negBinMod: no visible global function definition for 'model.response'
    negBinMod: no visible global function definition for 'model.matrix'
    negBinMod: no visible binding for global variable 'sd'
    negBinMod: no visible global function definition for 'model.offset'
    negBinMod: no visible global function definition for 'nlminb'
    negBinMod: no visible global function definition for 'dnbinom'
    negBinMod: no visible global function definition for 'qnorm'
    predict.MDMnMod: no visible global function definition for
     'model.frame'
    predict.negBinMod: no visible global function definition for
     'model.frame'
    predict.negBinMod: no visible global function definition for 'rnbinom'
    predict.truncMod: no visible global function definition for
     'model.frame'
    predict.truncMod: no visible global function definition for 'dnbinom'
    predict.truncMod: no visible global function definition for 'dpois'
    predict.truncMod: no visible global function definition for 'runif'
    predict.truncMod: no visible global function definition for 'tail'
    sumLogl: no visible global function definition for 'dmultinom'
    truncMod: no visible global function definition for 'model.frame'
    truncMod: no visible global function definition for 'model.response'
    truncMod: no visible global function definition for 'model.matrix'
    truncMod: no visible binding for global variable 'sd'
    truncMod: no visible global function definition for 'model.offset'
    truncMod: no visible global function definition for 'glm'
    truncMod: no visible global function definition for 'poisson'
    truncMod: no visible global function definition for 'nlminb'
    truncMod: no visible global function definition for 'glm.control'
    truncMod: no visible global function definition for 'dpois'
    truncMod: no visible global function definition for 'dnbinom'
    truncMod: no visible global function definition for 'qnorm'
    Undefined global functions or variables:
     dbinom dmultinom dnbinom dpois glm glm.control model.frame
     model.matrix model.offset model.response nlminb poisson qnorm rnbinom
     runif sd tail
    Consider adding
     importFrom("stats", "dbinom", "dmultinom", "dnbinom", "dpois", "glm",
     "glm.control", "model.frame", "model.matrix",
     "model.offset", "model.response", "nlminb", "poisson",
     "qnorm", "rnbinom", "runif", "sd")
     importFrom("utils", "tail")
    to your NAMESPACE file.
Flavors: r-devel-linux-x86_64-debian-clang, r-devel-linux-x86_64-debian-gcc, r-devel-linux-x86_64-fedora-clang, r-devel-linux-x86_64-fedora-gcc, r-devel-windows-ix86+x86_64, r-patched-linux-x86_64, r-patched-solaris-x86, r-release-linux-x86_64, r-release-windows-ix86+x86_64, r-release-osx-x86_64, r-oldrel-windows-ix86+x86_64, r-oldrel-osx-x86_64

Version: 0.3
Check: Rd line widths
Result: NOTE
    Rd file 'MDMnMod.Rd':
     \usage lines wider than 90 characters:
     MDMnMod(MDMn.form, data, ID, dist="MDMn", scale.covar=FALSE, est.var=TRUE, calc.resid=TRUE, trace=TRUE)
     \examples lines wider than 100 characters:
     model.nij <- MDMnMod(nij.form, data=n.data, ID=n.data$i, dist="MDMn", scale.covar=TRUE, est.var=FALSE, calc.resid=TRUE, trace=TRUE)
    
    Rd file 'predict.MDMnMod.Rd':
     \examples lines wider than 100 characters:
     model.nij <- MDMnMod(nij.form, data=n.data, ID=n.data$i, dist="MDMn", scale.covar=TRUE, est.var=TRUE, calc.resid=TRUE, trace=TRUE)
    
    Rd file 'truncMod.Rd':
     \usage lines wider than 90 characters:
     truncMod(trunc.form, trunc.pts, data, dist = 'NB', scale.covar=FALSE, est.var = TRUE, trace = TRUE)
    
    These lines will be truncated in the PDF manual.
Flavors: r-devel-linux-x86_64-debian-clang, r-devel-linux-x86_64-debian-gcc, r-devel-linux-x86_64-fedora-clang, r-devel-linux-x86_64-fedora-gcc, r-patched-linux-x86_64, r-release-linux-x86_64

Version: 0.3
Check: compiled code
Result: NOTE
    File ‘RAD/libs/RAD.so’:
     Found no calls to: ‘R_registerRoutines’, ‘R_useDynamicSymbols’
    
    It is good practice to register native routines and to disable symbol
    search.
    
    See ‘Writing portable packages’ in the ‘Writing R Extensions’ manual.
Flavors: r-devel-linux-x86_64-fedora-clang, r-devel-linux-x86_64-fedora-gcc