CRAN Package Check Results for Package RAINBOWR

Last updated on 2022-11-26 10:58:07 CET.

Flavor Version Tinstall Tcheck Ttotal Status Flags
r-devel-linux-x86_64-debian-clang 0.1.29 96.60 216.64 313.24 OK
r-devel-linux-x86_64-debian-gcc 0.1.29 86.61 162.44 249.05 OK
r-devel-linux-x86_64-fedora-clang 0.1.29 405.09 OK
r-devel-windows-x86_64 0.1.29 100.00 265.00 365.00 OK
r-patched-linux-x86_64 0.1.29 OK
r-release-linux-x86_64 0.1.29 87.91 199.72 287.63 OK
r-release-macos-arm64 0.1.29 106.00 NOTE
r-release-macos-x86_64 0.1.29 127.00 NOTE
r-release-windows-x86_64 0.1.29 103.00 259.00 362.00 OK
r-oldrel-macos-arm64 0.1.29 91.00 NOTE
r-oldrel-macos-x86_64 0.1.29 127.00 NOTE
r-oldrel-windows-ix86+x86_64 0.1.29 193.00 288.00 481.00 OK

Check Details

Version: 0.1.29
Check: package dependencies
Result: NOTE
    Package suggested but not available for checking: ‘ggtree’
Flavor: r-release-macos-arm64

Version: 0.1.29
Check: installed package size
Result: NOTE
     installed size is 31.9Mb
     sub-directories of 1Mb or more:
     libs 30.6Mb
Flavors: r-release-macos-arm64, r-release-macos-x86_64, r-oldrel-macos-arm64, r-oldrel-macos-x86_64