CRAN Package Check Results for Package RANKS

Last updated on 2021-06-24 00:48:55 CEST.

Flavor Version Tinstall Tcheck Ttotal Status Flags
r-devel-linux-x86_64-debian-clang 1.0 8.46 84.61 93.07 OK
r-devel-linux-x86_64-debian-gcc 1.0 5.85 66.42 72.27 OK
r-devel-linux-x86_64-fedora-clang 1.0 119.19 NOTE
r-devel-linux-x86_64-fedora-gcc 1.0 107.69 NOTE
r-devel-windows-x86_64 1.0 13.00 105.00 118.00 OK
r-devel-windows-x86_64-gcc10-UCRT 1.0 OK
r-patched-linux-x86_64 1.0 8.03 81.71 89.74 OK
r-patched-solaris-x86 1.0 192.50 OK
r-release-linux-x86_64 1.0 7.60 82.07 89.67 OK
r-release-macos-arm64 1.0 ERROR
r-release-macos-x86_64 1.0 OK
r-release-windows-ix86+x86_64 1.0 14.00 130.00 144.00 OK
r-oldrel-macos-x86_64 1.0 OK
r-oldrel-windows-ix86+x86_64 1.0 16.00 158.00 174.00 OK

Check Details

Version: 1.0
Check: compiled code
Result: NOTE
    File ‘RANKS/libs/RANKS.so’:
     Found no calls to: ‘R_registerRoutines’, ‘R_useDynamicSymbols’
    
    It is good practice to register native routines and to disable symbol
    search.
    
    See ‘Writing portable packages’ in the ‘Writing R Extensions’ manual.
Flavors: r-devel-linux-x86_64-fedora-clang, r-devel-linux-x86_64-fedora-gcc

Version: 1.0
Check: package dependencies
Result: ERROR
    Packages required but not available: 'RBGL', 'PerfMeas'
    
    See section ‘The DESCRIPTION file’ in the ‘Writing R Extensions’
    manual.
Flavor: r-release-macos-arm64