CRAN Package Check Results for Package RATest

Last updated on 2018-01-16 09:49:54 CET.

Flavor Version Tinstall Tcheck Ttotal Status Flags
r-devel-linux-x86_64-debian-clang 0.1.1 3.45 233.49 236.94 OK
r-devel-linux-x86_64-debian-gcc 0.1.1 3.83 191.05 194.88 OK
r-devel-linux-x86_64-fedora-clang 0.1.1 318.30 OK
r-devel-linux-x86_64-fedora-gcc 0.1.1 309.19 OK
r-devel-windows-ix86+x86_64 0.1.1 9.00 244.00 253.00 OK
r-patched-linux-x86_64 0.1.1 4.99 280.14 285.13 OK
r-patched-solaris-x86 0.1.1 458.10 OK
r-release-linux-x86_64 0.1.1 4.34 286.54 290.88 OK
r-release-windows-ix86+x86_64 0.1.1 12.00 284.00 296.00 OK
r-release-osx-x86_64 0.1.1 WARN
r-oldrel-windows-ix86+x86_64 0.1.1 13.00 304.00 317.00 OK
r-oldrel-osx-x86_64 0.1.1 OK

Check Details

Version: 0.1.1
Check: re-building of vignette outputs
Result: WARN
    Error in re-building vignettes:
     ...
     non-integer #successes in a binomial glm!
    Warning in (if (out_format(c("latex", "sweave", "listings"))) sanitize_fn else paste0)(path, :
     dots in figure paths replaced with _ ("figure/panel_a")
    Warning in eval(family$initialize) :
     non-integer #successes in a binomial glm!
    Warning in (if (out_format(c("latex", "sweave", "listings"))) sanitize_fn else paste0)(path, :
     dots in figure paths replaced with _ ("figure/panel_b")
    Warning in (if (out_format(c("latex", "sweave", "listings"))) sanitize_fn else paste0)(path, :
     dots in figure paths replaced with _ ("figure/hist_cdf")
    Error in texi2dvi(file = file, pdf = TRUE, clean = clean, quiet = quiet, :
     Running 'texi2dvi' on 'RDperm.tex' failed.
    LaTeX errors:
    ! LaTeX Error: File `standalone.sty' not found.
    
    Type X to quit or <RETURN> to proceed,
    or enter new name. (Default extension: sty)
    
    ! Emergency stop.
    <read *>
    
    l.27 \usepackage
     {import} % To source LaTeX code^^M
    ! ==> Fatal error occurred, no output PDF file produced!
    Calls: buildVignettes -> texi2pdf -> texi2dvi
    Execution halted
Flavor: r-release-osx-x86_64