CRAN Package Check Results for Package RATest

Last updated on 2018-12-17 15:49:46 CET.

Flavor Version Tinstall Tcheck Ttotal Status Flags
r-devel-linux-x86_64-debian-clang 0.1.4 6.73 2.29 9.02 ERROR
r-devel-linux-x86_64-debian-gcc 0.1.4 4.99 2.89 7.88 ERROR
r-devel-linux-x86_64-fedora-clang 0.1.4 312.27 OK
r-devel-linux-x86_64-fedora-gcc 0.1.4 287.63 OK
r-devel-windows-ix86+x86_64 0.1.4 15.00 335.00 350.00 OK
r-patched-linux-x86_64 0.1.4 6.41 2.39 8.80 ERROR
r-patched-solaris-x86 0.1.4 442.20 OK
r-release-linux-x86_64 0.1.4 5.05 254.11 259.16 OK
r-release-windows-ix86+x86_64 0.1.4 13.00 330.00 343.00 OK
r-release-osx-x86_64 0.1.4 OK
r-oldrel-windows-ix86+x86_64 0.1.4 13.00 347.00 360.00 OK
r-oldrel-osx-x86_64 0.1.4 OK

Check Details

Version: 0.1.4
Check: whether the package can be loaded
Result: ERROR
    Loading this package had a fatal error status code 1
    Loading log:
    Loading required package: ggplot2
    Error: package or namespace load failed for ‘ggplot2’ in dyn.load(file, DLLpath = DLLpath, ...):
     unable to load shared object ‘/home/hornik/tmp/R.check/r-devel-clang/Work/build/Packages/Rcpp/libs/Rcpp.so’:
     /home/hornik/tmp/R.check/r-devel-clang/Work/build/Packages/Rcpp/libs/Rcpp.so: failed to map segment from shared object
    Error: package ‘ggplot2’ could not be loaded
    Execution halted
Flavor: r-devel-linux-x86_64-debian-clang

Version: 0.1.4
Check: whether the package can be loaded
Result: ERROR
    Loading this package had a fatal error status code 1
    Loading log:
    Loading required package: ggplot2
    Error: package or namespace load failed for ‘ggplot2’ in dyn.load(file, DLLpath = DLLpath, ...):
     unable to load shared object ‘/home/hornik/tmp/R.check/r-devel-gcc/Work/build/Packages/Rcpp/libs/Rcpp.so’:
     /home/hornik/tmp/R.check/r-devel-gcc/Work/build/Packages/Rcpp/libs/Rcpp.so: failed to map segment from shared object
    Error: package ‘ggplot2’ could not be loaded
    Execution halted
Flavor: r-devel-linux-x86_64-debian-gcc

Version: 0.1.4
Check: whether the package can be loaded
Result: ERROR
    Loading this package had a fatal error status code 1
    Loading log:
    Loading required package: ggplot2
    Error: package or namespace load failed for ‘ggplot2’ in dyn.load(file, DLLpath = DLLpath, ...):
     unable to load shared object ‘/home/hornik/tmp/R.check/r-patched-gcc/Work/build/Packages/Rcpp/libs/Rcpp.so’:
     /home/hornik/tmp/R.check/r-patched-gcc/Work/build/Packages/Rcpp/libs/Rcpp.so: failed to map segment from shared object
    Error: package ‘ggplot2’ could not be loaded
    Execution halted
Flavor: r-patched-linux-x86_64