CRAN Package Check Results for Package RConics

Last updated on 2018-06-19 07:48:53 CEST.

Flavor Version Tinstall Tcheck Ttotal Status Flags
r-devel-linux-x86_64-debian-clang 1.0 1.70 17.68 19.38 NOTE
r-devel-linux-x86_64-debian-gcc 1.0 1.35 15.42 16.77 NOTE
r-devel-linux-x86_64-fedora-clang 1.0 24.91 NOTE
r-devel-linux-x86_64-fedora-gcc 1.0 23.59 NOTE
r-devel-windows-ix86+x86_64 1.0 4.00 37.00 41.00 NOTE
r-patched-linux-x86_64 1.0 1.27 18.50 19.77 NOTE
r-patched-solaris-x86 1.0 35.70 NOTE
r-release-linux-x86_64 1.0 1.38 18.44 19.82 NOTE
r-release-windows-ix86+x86_64 1.0 5.00 29.00 34.00 NOTE
r-release-osx-x86_64 1.0 NOTE
r-oldrel-windows-ix86+x86_64 1.0 2.00 27.00 29.00 NOTE
r-oldrel-osx-x86_64 1.0 NOTE

Check Details

Version: 1.0
Check: R code for possible problems
Result: NOTE
    addLine: no visible global function definition for ‘abline’
    ellipse: no visible global function definition for ‘approx’
    ellipse: no visible global function definition for ‘tail’
    Undefined global functions or variables:
     abline approx tail
    Consider adding
     importFrom("graphics", "abline")
     importFrom("stats", "approx")
     importFrom("utils", "tail")
    to your NAMESPACE file.
Flavors: r-devel-linux-x86_64-debian-clang, r-devel-linux-x86_64-debian-gcc, r-devel-linux-x86_64-fedora-clang, r-devel-linux-x86_64-fedora-gcc, r-devel-windows-ix86+x86_64, r-patched-linux-x86_64, r-patched-solaris-x86, r-release-linux-x86_64, r-release-windows-ix86+x86_64, r-release-osx-x86_64, r-oldrel-windows-ix86+x86_64, r-oldrel-osx-x86_64