CRAN Package Check Results for Package RConics

Last updated on 2019-03-23 02:52:16 CET.

Flavor Version Tinstall Tcheck Ttotal Status Flags
r-devel-linux-x86_64-debian-clang 1.0 2.33 20.27 22.60 NOTE
r-devel-linux-x86_64-debian-gcc 1.0 1.97 15.86 17.83 NOTE
r-devel-linux-x86_64-fedora-clang 1.0 26.65 NOTE
r-devel-linux-x86_64-fedora-gcc 1.0 25.57 NOTE
r-devel-windows-ix86+x86_64 1.0 8.00 36.00 44.00 NOTE
r-patched-linux-x86_64 1.0 1.29 18.59 19.88 NOTE
r-patched-solaris-x86 1.0 36.40 NOTE
r-release-linux-x86_64 1.0 1.62 18.62 20.24 NOTE
r-release-windows-ix86+x86_64 1.0 3.00 27.00 30.00 NOTE
r-release-osx-x86_64 1.0 NOTE
r-oldrel-windows-ix86+x86_64 1.0 3.00 28.00 31.00 NOTE
r-oldrel-osx-x86_64 1.0 NOTE

Check Details

Version: 1.0
Check: R code for possible problems
Result: NOTE
    addLine: no visible global function definition for 'abline'
    ellipse: no visible global function definition for 'approx'
    ellipse: no visible global function definition for 'tail'
    Undefined global functions or variables:
     abline approx tail
    Consider adding
     importFrom("graphics", "abline")
     importFrom("stats", "approx")
     importFrom("utils", "tail")
    to your NAMESPACE file.
Flavors: r-devel-linux-x86_64-debian-clang, r-devel-linux-x86_64-debian-gcc, r-devel-linux-x86_64-fedora-clang, r-devel-linux-x86_64-fedora-gcc, r-devel-windows-ix86+x86_64, r-patched-linux-x86_64, r-patched-solaris-x86, r-release-linux-x86_64, r-release-windows-ix86+x86_64, r-release-osx-x86_64, r-oldrel-windows-ix86+x86_64, r-oldrel-osx-x86_64