CRAN Package Check Results for Package RCurl

Last updated on 2018-11-18 07:47:11 CET.

Flavor Version Tinstall Tcheck Ttotal Status Flags
r-devel-linux-x86_64-debian-clang 1.95-4.11 16.53 37.21 53.74 NOTE
r-devel-linux-x86_64-debian-gcc 1.95-4.11 13.42 30.29 43.71 NOTE
r-devel-linux-x86_64-fedora-clang 1.95-4.11 63.31 NOTE
r-devel-linux-x86_64-fedora-gcc 1.95-4.11 61.33 NOTE
r-devel-windows-ix86+x86_64 1.95-4.11 37.00 125.00 162.00 NOTE
r-patched-linux-x86_64 1.95-4.11 14.87 35.51 50.38 NOTE
r-patched-solaris-x86 1.95-4.11 83.30 NOTE --no-examples
r-release-linux-x86_64 1.95-4.11 15.12 36.01 51.13 NOTE
r-release-windows-ix86+x86_64 1.95-4.11 62.00 134.00 196.00 NOTE
r-release-osx-x86_64 1.95-4.11 NOTE
r-oldrel-windows-ix86+x86_64 1.95-4.11 31.00 118.00 149.00 NOTE
r-oldrel-osx-x86_64 1.95-4.11 NOTE

Check Details

Version: 1.95-4.11
Check: DESCRIPTION meta-information
Result: NOTE
    Deprecated license: BSD
Flavors: r-devel-linux-x86_64-debian-clang, r-devel-linux-x86_64-debian-gcc, r-devel-linux-x86_64-fedora-clang, r-devel-linux-x86_64-fedora-gcc, r-patched-linux-x86_64, r-release-linux-x86_64, r-release-osx-x86_64, r-oldrel-osx-x86_64

Version: 1.95-4.11
Check: top-level files
Result: NOTE
    Non-standard files/directories found at top level:
     ‘Changes.html’ ‘CodeGeneration’ ‘README.windows’ ‘Todo.html’
     ‘dynGC.R’ ‘encoding.R’ ‘exampleCode’ ‘getURL.html’ ‘libcurlLicense’
     ‘post.R’ ‘postForm.html’
Flavors: r-devel-linux-x86_64-debian-clang, r-devel-linux-x86_64-debian-gcc, r-devel-linux-x86_64-fedora-clang, r-devel-linux-x86_64-fedora-gcc, r-patched-linux-x86_64, r-release-linux-x86_64

Version: 1.95-4.11
Check: for GNU extensions in Makefiles
Result: NOTE
    GNU make is a SystemRequirements.
Flavors: r-devel-linux-x86_64-debian-clang, r-devel-linux-x86_64-debian-gcc, r-devel-linux-x86_64-fedora-clang, r-devel-linux-x86_64-fedora-gcc, r-devel-windows-ix86+x86_64, r-patched-linux-x86_64, r-release-linux-x86_64, r-release-windows-ix86+x86_64, r-release-osx-x86_64, r-oldrel-windows-ix86+x86_64, r-oldrel-osx-x86_64

Version: 1.95-4.11
Check: package dependencies
Result: NOTE
    Package suggested but not available for checking: ‘Rcompression’
Flavors: r-devel-linux-x86_64-fedora-clang, r-devel-linux-x86_64-fedora-gcc, r-devel-windows-ix86+x86_64, r-release-windows-ix86+x86_64, r-release-osx-x86_64, r-oldrel-windows-ix86+x86_64, r-oldrel-osx-x86_64

Version: 1.95-4.11
Check: installed package size
Result: NOTE
     installed size is 6.3Mb
     sub-directories of 1Mb or more:
     libs 4.4Mb
Flavors: r-devel-windows-ix86+x86_64, r-release-windows-ix86+x86_64, r-oldrel-windows-ix86+x86_64

Version: 1.95-4.11
Flags: --no-examples
Check: package dependencies
Result: NOTE
    Package suggested but not available for checking: ‘Rcompression’
Flavor: r-patched-solaris-x86

Version: 1.95-4.11
Flags: --no-examples
Check: DESCRIPTION meta-information
Result: NOTE
    Deprecated license: BSD
Flavor: r-patched-solaris-x86

Version: 1.95-4.11
Flags: --no-examples
Check: for GNU extensions in Makefiles
Result: NOTE
    GNU make is a SystemRequirements.
Flavor: r-patched-solaris-x86