CRAN Package Check Results for Package RDML

Last updated on 2018-11-19 06:47:06 CET.

Flavor Version Tinstall Tcheck Ttotal Status Flags
r-devel-linux-x86_64-debian-clang OK
r-devel-linux-x86_64-debian-gcc 0.9-9 20.23 75.89 96.12 OK
r-devel-linux-x86_64-fedora-clang 0.9-9 151.25 OK
r-devel-linux-x86_64-fedora-gcc 0.9-9 143.91 OK
r-devel-windows-ix86+x86_64 0.9-9 44.00 143.00 187.00 OK
r-patched-linux-x86_64 0.9-9 22.96 95.30 118.26 OK
r-patched-solaris-x86 0.9-9 193.30 NOTE
r-release-linux-x86_64 0.9-9 23.77 95.29 119.06 OK
r-release-windows-ix86+x86_64 0.9-9 46.00 148.00 194.00 OK
r-release-osx-x86_64 0.9-9 OK
r-oldrel-windows-ix86+x86_64 0.9-9 10.00 139.00 149.00 OK
r-oldrel-osx-x86_64 0.9-9 OK

Check Details

Version: 0.9-9
Check: installed package size
Result: NOTE
     installed size is 5.2Mb
     sub-directories of 1Mb or more:
     R 1.4Mb
     doc 2.6Mb
Flavor: r-patched-solaris-x86