CRAN Package Check Results for Package RDML

Last updated on 2019-02-16 19:47:41 CET.

Flavor Version Tinstall Tcheck Ttotal Status Flags
r-devel-linux-x86_64-debian-clang 0.9-9 27.51 199.77 227.28 OK
r-devel-linux-x86_64-debian-gcc 0.9-9 23.15 145.33 168.48 OK
r-devel-linux-x86_64-fedora-clang 0.9-9 205.06 OK
r-devel-linux-x86_64-fedora-gcc 0.9-9 184.94 OK
r-devel-windows-ix86+x86_64 0.9-9 48.00 166.00 214.00 OK
r-patched-linux-x86_64 0.9-9 26.04 157.60 183.64 OK
r-patched-solaris-x86 0.9-9 204.70 NOTE
r-release-linux-x86_64 0.9-9 OK
r-release-windows-ix86+x86_64 0.9-9 34.00 108.00 142.00 OK
r-release-osx-x86_64 0.9-9 OK
r-oldrel-windows-ix86+x86_64 0.9-9 14.00 187.00 201.00 OK
r-oldrel-osx-x86_64 0.9-9 OK

Check Details

Version: 0.9-9
Check: installed package size
Result: NOTE
     installed size is 5.2Mb
     sub-directories of 1Mb or more:
     R 1.4Mb
     doc 2.6Mb
Flavor: r-patched-solaris-x86