CRAN Package Check Results for Package RDota2

Last updated on 2022-08-09 03:53:09 CEST.

Flavor Version Tinstall Tcheck Ttotal Status Flags
r-devel-linux-x86_64-debian-clang 0.1.6 2.33 31.96 34.29 NOTE
r-devel-linux-x86_64-debian-gcc 0.1.6 2.02 24.60 26.62 NOTE
r-devel-linux-x86_64-fedora-clang 0.1.6 51.03 NOTE
r-devel-linux-x86_64-fedora-gcc 0.1.6 52.01 NOTE
r-devel-windows-x86_64 0.1.6 14.00 66.00 80.00 NOTE
r-patched-linux-x86_64 0.1.6 3.02 30.02 33.04 NOTE
r-release-linux-x86_64 0.1.6 NOTE
r-release-macos-arm64 0.1.6 20.00 NOTE
r-release-macos-x86_64 0.1.6 28.00 NOTE
r-release-windows-x86_64 0.1.6 21.00 66.00 87.00 NOTE
r-oldrel-macos-arm64 0.1.6 23.00 NOTE
r-oldrel-macos-x86_64 0.1.6 29.00 NOTE
r-oldrel-windows-ix86+x86_64 0.1.6 6.00 56.00 62.00 NOTE

Check Details

Version: 0.1.6
Check: LazyData
Result: NOTE
     'LazyData' is specified without a 'data' directory
Flavors: r-devel-linux-x86_64-debian-clang, r-devel-linux-x86_64-debian-gcc, r-devel-linux-x86_64-fedora-clang, r-devel-linux-x86_64-fedora-gcc, r-devel-windows-x86_64, r-patched-linux-x86_64, r-release-linux-x86_64, r-release-macos-arm64, r-release-macos-x86_64, r-release-windows-x86_64, r-oldrel-macos-arm64, r-oldrel-macos-x86_64, r-oldrel-windows-ix86+x86_64