Last updated on 2023-12-05 05:49:22 CET.
Flavor | Version | Tinstall | Tcheck | Ttotal | Status | Flags |
---|---|---|---|---|---|---|
r-devel-linux-x86_64-debian-clang | 1.2.0 | 18.72 | 471.16 | 489.88 | OK | |
r-devel-linux-x86_64-debian-gcc | 1.2.0 | 13.83 | 356.90 | 370.73 | OK | |
r-devel-linux-x86_64-fedora-clang | 1.2.0 | 601.01 | OK | |||
r-devel-linux-x86_64-fedora-gcc | 1.2.0 | 602.60 | OK | |||
r-devel-windows-x86_64 | 1.2.0 | 16.00 | 400.00 | 416.00 | OK | |
r-patched-linux-x86_64 | 1.2.0 | 24.39 | 460.06 | 484.45 | ERROR | |
r-release-linux-x86_64 | 1.2.0 | 14.24 | 453.22 | 467.46 | OK | |
r-release-macos-arm64 | 1.2.0 | 127.00 | OK | |||
r-release-macos-x86_64 | 1.2.0 | 242.00 | OK | |||
r-release-windows-x86_64 | 1.2.0 | 22.00 | 495.00 | 517.00 | OK | |
r-oldrel-macos-arm64 | 1.2.0 | 161.00 | OK | |||
r-oldrel-macos-x86_64 | 1.2.0 | 251.00 | OK | |||
r-oldrel-windows-x86_64 | 1.2.0 | 22.00 | 484.00 | 506.00 | OK |
Version: 1.2.0
Check: tests
Result: ERROR
Running ‘testthat.R’ [297s/337s]
Running the tests in ‘tests/testthat.R’ failed.
Complete output:
> # This file is part of the standard setup for testthat.
> # It is recommended that you do not modify it.
> #
> # Where should you do additional test configuration?
> # Learn more about the roles of various files in:
> # * https://r-pkgs.org/tests.html
> # * https://testthat.r-lib.org/reference/test_package.html#special-files
>
> library(testthat)
> library(RESI)
>
> test_check("RESI")
Loading required package: carData
Loading required namespace: pscl
Loading required namespace: gee
Beginning Cgee S-function, @(#) geeformula.q 4.13 98/01/27
running glm to get initial regression estimate
(Intercept) diagnosesevere drugstandard time
-0.08759224 -1.31391092 0.05960381 1.49985707
drugstandard:time
-1.01744498
Beginning Cgee S-function, @(#) geeformula.q 4.13 98/01/27
running glm to get initial regression estimate
(Intercept)
0.0902573
Loading required namespace: geepack
Loading required namespace: lme4
boundary (singular) fit: see help('isSingular')
Beginning Cgee S-function, @(#) geeformula.q 4.13 98/01/27
running glm to get initial regression estimate
(Intercept) diagnosesevere drugstandard time
-0.08759224 -1.31391092 0.05960381 1.49985707
drugstandard:time
-1.01744498
Updating model fit failed. Try running with providing data argument
Updating model fit failed. Try running with providing data argument
[ FAIL 1 | WARN 0 | SKIP 0 | PASS 79 ]
══ Failed tests ════════════════════════════════════════════════════════════════
── Failure ('test-resi.R:242:3'): RESI estimates are in between the confidence limits ──
... & ... is not TRUE
`actual`: FALSE
`expected`: TRUE
[ FAIL 1 | WARN 0 | SKIP 0 | PASS 79 ]
Error: Test failures
Execution halted
Flavor: r-patched-linux-x86_64