CRAN Package Check Results for Package REndo

Last updated on 2018-02-19 21:49:49 CET.

Flavor Version Tinstall Tcheck Ttotal Status Flags
r-devel-linux-x86_64-debian-clang 1.3 4.63 41.47 46.10 OK
r-devel-linux-x86_64-debian-gcc 1.3 3.74 34.03 37.77 OK
r-devel-linux-x86_64-fedora-clang 1.3 57.20 NOTE
r-devel-linux-x86_64-fedora-gcc 1.3 54.62 NOTE
r-devel-windows-ix86+x86_64 1.3 6.00 53.00 59.00 OK
r-patched-linux-x86_64 1.3 1.75 47.13 48.88 OK
r-patched-solaris-x86 1.3 72.00 NOTE
r-release-linux-x86_64 1.3 1.60 50.57 52.17 OK
r-release-windows-ix86+x86_64 1.3 5.00 57.00 62.00 OK
r-release-osx-x86_64 1.3 NOTE
r-oldrel-windows-ix86+x86_64 1.3 7.00 64.00 71.00 OK
r-oldrel-osx-x86_64 1.3 NOTE

Check Details

Version: 1.3
Check: dependencies in R code
Result: NOTE
    Namespaces in Imports field not imported from:
     ‘compiler’ ‘data.table’
     All declared Imports should be used.
Flavors: r-devel-linux-x86_64-fedora-clang, r-devel-linux-x86_64-fedora-gcc, r-patched-solaris-x86, r-release-osx-x86_64, r-oldrel-osx-x86_64