CRAN Package Check Results for Package REndo

Last updated on 2018-08-19 20:50:24 CEST.

Flavor Version Tinstall Tcheck Ttotal Status Flags
r-devel-linux-x86_64-debian-clang 1.3 3.90 46.95 50.85 OK
r-devel-linux-x86_64-debian-gcc 1.3 3.96 36.80 40.76 OK
r-devel-linux-x86_64-fedora-clang 1.3 59.64 NOTE
r-devel-linux-x86_64-fedora-gcc 1.3 58.23 NOTE
r-devel-windows-ix86+x86_64 1.3 11.00 90.00 101.00 OK
r-patched-linux-x86_64 1.3 4.38 43.31 47.69 OK
r-patched-solaris-x86 1.3 82.80 NOTE
r-release-linux-x86_64 1.3 4.74 43.45 48.19 OK
r-release-windows-ix86+x86_64 1.3 9.00 76.00 85.00 OK
r-release-osx-x86_64 1.3 NOTE
r-oldrel-windows-ix86+x86_64 1.3 5.00 59.00 64.00 OK
r-oldrel-osx-x86_64 1.3 NOTE

Check Details

Version: 1.3
Check: dependencies in R code
Result: NOTE
    Namespaces in Imports field not imported from:
     ‘compiler’ ‘data.table’
     All declared Imports should be used.
Flavors: r-devel-linux-x86_64-fedora-clang, r-devel-linux-x86_64-fedora-gcc, r-patched-solaris-x86, r-release-osx-x86_64, r-oldrel-osx-x86_64