CRAN Package Check Results for Package REndo

Last updated on 2018-05-26 08:49:45 CEST.

Flavor Version Tinstall Tcheck Ttotal Status Flags
r-devel-linux-x86_64-debian-clang 1.3 4.26 45.91 50.17 OK
r-devel-linux-x86_64-debian-gcc 1.3 3.51 35.55 39.06 OK
r-devel-linux-x86_64-fedora-clang 1.3 62.73 NOTE
r-devel-linux-x86_64-fedora-gcc 1.3 57.94 NOTE
r-devel-windows-ix86+x86_64 1.3 7.00 59.00 66.00 OK
r-patched-linux-x86_64 1.3 2.97 42.50 45.47 OK
r-patched-solaris-x86 1.3 80.30 NOTE
r-release-linux-x86_64 1.3 5.11 42.11 47.22 OK
r-release-windows-ix86+x86_64 1.3 11.00 75.00 86.00 OK
r-release-osx-x86_64 1.3 NOTE
r-oldrel-windows-ix86+x86_64 1.3 8.00 52.00 60.00 OK
r-oldrel-osx-x86_64 1.3 NOTE

Check Details

Version: 1.3
Check: dependencies in R code
Result: NOTE
    Namespaces in Imports field not imported from:
     ‘compiler’ ‘data.table’
     All declared Imports should be used.
Flavors: r-devel-linux-x86_64-fedora-clang, r-devel-linux-x86_64-fedora-gcc, r-patched-solaris-x86, r-release-osx-x86_64, r-oldrel-osx-x86_64