CRAN Package Check Results for Package REndo

Last updated on 2018-11-18 21:47:36 CET.

Flavor Version Tinstall Tcheck Ttotal Status Flags
r-devel-linux-x86_64-debian-clang 2.0.0 6.62 476.53 483.15 OK
r-devel-linux-x86_64-debian-gcc 2.0.0 5.45 328.77 334.22 OK
r-devel-linux-x86_64-fedora-clang 2.0.0 565.96 OK
r-devel-linux-x86_64-fedora-gcc 2.0.0 510.50 OK
r-devel-windows-ix86+x86_64 2.0.0 16.00 583.00 599.00 OK
r-patched-linux-x86_64 2.0.0 5.33 410.30 415.63 OK
r-patched-solaris-x86 2.0.0 767.30 OK
r-release-linux-x86_64 2.0.0 5.68 407.97 413.65 OK
r-release-windows-ix86+x86_64 2.0.0 17.00 562.00 579.00 OK
r-release-osx-x86_64 2.0.0 OK
r-oldrel-windows-ix86+x86_64 1.3 4.00 76.00 80.00 OK
r-oldrel-osx-x86_64 2.0.0 ERROR

Check Details

Version: 2.0.0
Check: package dependencies
Result: ERROR
    Packages required and available but unsuitable versions:
     ‘methods’ ‘stats’ ‘utils’
    
    See section ‘The DESCRIPTION file’ in the ‘Writing R Extensions’
    manual.
Flavor: r-oldrel-osx-x86_64