CRAN Package Check Results for Package RFgroove

Last updated on 2018-05-23 12:48:36 CEST.

Flavor Version Tinstall Tcheck Ttotal Status Flags
r-devel-linux-x86_64-debian-clang 1.1 6.78 82.10 88.88 NOTE
r-devel-linux-x86_64-debian-gcc 1.1 6.13 65.20 71.33 NOTE
r-devel-linux-x86_64-fedora-clang 1.1 110.34 NOTE
r-devel-linux-x86_64-fedora-gcc 1.1 106.21 NOTE
r-devel-windows-ix86+x86_64 1.1 15.00 158.00 173.00 OK
r-patched-linux-x86_64 1.1 6.74 68.44 75.18 NOTE
r-patched-solaris-x86 1.1 141.90 OK
r-release-linux-x86_64 1.1 5.90 68.11 74.01 NOTE
r-release-windows-ix86+x86_64 1.1 17.00 117.00 134.00 OK
r-release-osx-x86_64 1.1 OK
r-oldrel-windows-ix86+x86_64 1.1 18.00 114.00 132.00 OK
r-oldrel-osx-x86_64 1.1 OK

Check Details

Version: 1.1
Check: compiled code
Result: NOTE
    File ‘RFgroove/libs/RFgroove.so’:
     Found no calls to: ‘R_registerRoutines’, ‘R_useDynamicSymbols’
    
    It is good practice to register native routines and to disable symbol
    search.
    
    See ‘Writing portable packages’ in the ‘Writing R Extensions’ manual.
Flavors: r-devel-linux-x86_64-debian-clang, r-devel-linux-x86_64-debian-gcc, r-devel-linux-x86_64-fedora-clang, r-devel-linux-x86_64-fedora-gcc, r-patched-linux-x86_64, r-release-linux-x86_64