CRAN Package Check Results for Package RFgroove

Last updated on 2018-02-24 22:47:44 CET.

Flavor Version Tinstall Tcheck Ttotal Status Flags
r-devel-linux-x86_64-debian-clang 1.1 5.21 69.33 74.54 NOTE
r-devel-linux-x86_64-debian-gcc 1.1 5.73 54.73 60.46 NOTE
r-devel-linux-x86_64-fedora-clang 1.1 92.29 NOTE
r-devel-linux-x86_64-fedora-gcc 1.1 91.85 NOTE
r-devel-windows-ix86+x86_64 1.1 20.00 131.00 151.00 OK
r-patched-linux-x86_64 1.1 5.27 74.71 79.98 NOTE
r-patched-solaris-x86 1.1 142.90 OK
r-release-linux-x86_64 1.1 5.43 73.67 79.10 NOTE
r-release-windows-ix86+x86_64 1.1 21.00 145.00 166.00 OK
r-release-osx-x86_64 1.1 OK
r-oldrel-windows-ix86+x86_64 1.1 11.00 105.00 116.00 OK
r-oldrel-osx-x86_64 1.1 OK

Check Details

Version: 1.1
Check: compiled code
Result: NOTE
    File ‘RFgroove/libs/RFgroove.so’:
     Found no calls to: ‘R_registerRoutines’, ‘R_useDynamicSymbols’
    
    It is good practice to register native routines and to disable symbol
    search.
    
    See ‘Writing portable packages’ in the ‘Writing R Extensions’ manual.
Flavors: r-devel-linux-x86_64-debian-clang, r-devel-linux-x86_64-debian-gcc, r-devel-linux-x86_64-fedora-clang, r-devel-linux-x86_64-fedora-gcc, r-patched-linux-x86_64, r-release-linux-x86_64