CRAN Package Check Results for Package RFgroove

Last updated on 2018-11-14 20:47:08 CET.

Flavor Version Tinstall Tcheck Ttotal Status Flags
r-devel-linux-x86_64-debian-clang 1.1 7.61 85.89 93.50 OK
r-devel-linux-x86_64-debian-gcc 1.1 6.64 67.77 74.41 OK
r-devel-linux-x86_64-fedora-clang 1.1 108.73 NOTE
r-devel-linux-x86_64-fedora-gcc 1.1 105.05 NOTE
r-devel-windows-ix86+x86_64 1.1 13.00 133.00 146.00 OK
r-patched-linux-x86_64 1.1 5.22 69.87 75.09 OK
r-patched-solaris-x86 1.1 138.00 OK
r-release-linux-x86_64 1.1 6.60 69.69 76.29 OK
r-release-windows-ix86+x86_64 1.1 20.00 108.00 128.00 OK
r-release-osx-x86_64 1.1 OK
r-oldrel-windows-ix86+x86_64 1.1 18.00 108.00 126.00 OK
r-oldrel-osx-x86_64 1.1 OK

Check Details

Version: 1.1
Check: compiled code
Result: NOTE
    File ‘RFgroove/libs/RFgroove.so’:
     Found no calls to: ‘R_registerRoutines’, ‘R_useDynamicSymbols’
    
    It is good practice to register native routines and to disable symbol
    search.
    
    See ‘Writing portable packages’ in the ‘Writing R Extensions’ manual.
Flavors: r-devel-linux-x86_64-fedora-clang, r-devel-linux-x86_64-fedora-gcc