CRAN Package Check Results for Package RFinfer

Last updated on 2018-08-21 21:51:19 CEST.

Flavor Version Tinstall Tcheck Ttotal Status Flags
r-release-osx-x86_64 0.2.0 FAIL
r-oldrel-osx-x86_64 0.2.0 OK

Check Details

Version: 0.2.0
Check: re-building of vignette outputs
Result: FAIL
    
Flavor: r-release-osx-x86_64