CRAN Package Check Results for Package RGENERATEPREC

Last updated on 2018-05-27 18:51:44 CEST.

Flavor Version Tinstall Tcheck Ttotal Status Flags
r-devel-linux-x86_64-debian-clang 1.2 6.30 86.44 92.74 OK
r-devel-linux-x86_64-debian-gcc 1.2 5.57 67.85 73.42 OK
r-devel-linux-x86_64-fedora-clang 1.2 117.34 OK
r-devel-linux-x86_64-fedora-gcc 1.2 109.80 OK
r-devel-windows-ix86+x86_64 1.2 13.00 97.00 110.00 OK
r-patched-linux-x86_64 1.2 6.55 73.71 80.26 OK
r-patched-solaris-x86 1.2 155.80 OK
r-release-linux-x86_64 1.2 5.47 73.96 79.43 OK
r-release-windows-ix86+x86_64 1.2 15.00 95.00 110.00 OK
r-release-osx-x86_64 1.2 OK
r-oldrel-windows-ix86+x86_64 1.2 16.00 88.00 104.00 OK
r-oldrel-osx-x86_64 1.2 ERROR

Check Details

Version: 1.2
Check: package dependencies
Result: ERROR
    Package required but not available: ‘copula’
    
    See section ‘The DESCRIPTION file’ in the ‘Writing R Extensions’
    manual.
Flavor: r-oldrel-osx-x86_64