Last updated on 2019-02-23 21:53:14 CET.
Flavor | Version | Tinstall | Tcheck | Ttotal | Status | Flags |
---|---|---|---|---|---|---|
r-devel-linux-x86_64-debian-clang | 1.2 | 6.18 | 80.40 | 86.58 | OK | |
r-devel-linux-x86_64-debian-gcc | 1.2 | 6.07 | 63.30 | 69.37 | OK | |
r-devel-linux-x86_64-fedora-clang | 1.2 | 108.02 | OK | |||
r-devel-linux-x86_64-fedora-gcc | 1.2 | 100.29 | OK | |||
r-devel-windows-ix86+x86_64 | 1.2 | 15.00 | 96.00 | 111.00 | OK | |
r-patched-linux-x86_64 | 1.2 | 5.47 | 75.86 | 81.33 | OK | |
r-patched-solaris-x86 | 1.2 | 158.00 | OK | |||
r-release-linux-x86_64 | 1.2 | 5.04 | 76.62 | 81.66 | OK | |
r-release-windows-ix86+x86_64 | 1.2 | 16.00 | 119.00 | 135.00 | OK | |
r-release-osx-x86_64 | 1.2 | OK | ||||
r-oldrel-windows-ix86+x86_64 | 1.2 | 10.00 | 98.00 | 108.00 | OK | |
r-oldrel-osx-x86_64 | 1.2 | ERROR |
Version: 1.2
Check: package dependencies
Result: ERROR
Package required but not available: ‘copula’
See section ‘The DESCRIPTION file’ in the ‘Writing R Extensions’
manual.
Flavor: r-oldrel-osx-x86_64