CRAN Package Check Results for Package RGENERATEPREC

Last updated on 2018-02-22 22:47:41 CET.

Flavor Version Tinstall Tcheck Ttotal Status Flags
r-devel-linux-x86_64-debian-clang 1.2 5.75 64.57 70.32 OK
r-devel-linux-x86_64-debian-gcc 1.2 4.98 59.51 64.49 OK
r-devel-linux-x86_64-fedora-clang 1.2 100.87 OK
r-devel-linux-x86_64-fedora-gcc 1.2 94.25 OK
r-devel-windows-ix86+x86_64 1.2 14.00 88.00 102.00 OK
r-patched-linux-x86_64 1.2 4.81 77.73 82.54 OK
r-patched-solaris-x86 1.2 160.10 OK
r-release-linux-x86_64 1.2 5.23 73.22 78.45 OK
r-release-windows-ix86+x86_64 1.2 16.00 119.00 135.00 OK
r-release-osx-x86_64 1.2 ERROR
r-oldrel-windows-ix86+x86_64 1.2 10.00 80.00 90.00 OK
r-oldrel-osx-x86_64 1.2 OK

Check Details

Version: 1.2
Check: package dependencies
Result: ERROR
    Package required but not available: ‘copula’
    
    See section ‘The DESCRIPTION file’ in the ‘Writing R Extensions’
    manual.
Flavor: r-release-osx-x86_64