CRAN Package Check Results for Package RGENERATEPREC

Last updated on 2018-08-18 12:50:19 CEST.

Flavor Version Tinstall Tcheck Ttotal Status Flags
r-devel-linux-x86_64-debian-clang 1.2 5.75 86.52 92.27 OK
r-devel-linux-x86_64-debian-gcc 1.2 5.49 69.94 75.43 OK
r-devel-linux-x86_64-fedora-clang 1.2 111.81 OK
r-devel-linux-x86_64-fedora-gcc 1.2 108.69 OK
r-devel-windows-ix86+x86_64 1.2 17.00 146.00 163.00 OK
r-patched-linux-x86_64 1.2 6.69 75.14 81.83 OK
r-patched-solaris-x86 1.2 162.00 OK
r-release-linux-x86_64 1.2 6.28 76.29 82.57 OK
r-release-windows-ix86+x86_64 1.2 16.00 112.00 128.00 OK
r-release-osx-x86_64 1.2 OK
r-oldrel-windows-ix86+x86_64 1.2 11.00 123.00 134.00 OK
r-oldrel-osx-x86_64 1.2 ERROR

Check Details

Version: 1.2
Check: package dependencies
Result: ERROR
    Package required but not available: ‘copula’
    
    See section ‘The DESCRIPTION file’ in the ‘Writing R Extensions’
    manual.
Flavor: r-oldrel-osx-x86_64