CRAN Package Check Results for Package RGENERATEPREC

Last updated on 2018-10-24 02:49:07 CEST.

Flavor Version Tinstall Tcheck Ttotal Status Flags
r-devel-linux-x86_64-debian-clang 1.2 5.97 88.63 94.60 OK
r-devel-linux-x86_64-debian-gcc 1.2 5.63 69.85 75.48 OK
r-devel-linux-x86_64-fedora-clang 1.2 112.23 OK
r-devel-linux-x86_64-fedora-gcc 1.2 107.97 OK
r-devel-windows-ix86+x86_64 1.2 17.00 128.00 145.00 OK
r-patched-linux-x86_64 1.2 5.91 74.65 80.56 OK
r-patched-solaris-x86 1.2 158.90 OK
r-release-linux-x86_64 1.2 5.90 74.90 80.80 OK
r-release-windows-ix86+x86_64 1.2 15.00 118.00 133.00 OK
r-release-osx-x86_64 1.2 OK
r-oldrel-windows-ix86+x86_64 1.2 11.00 100.00 111.00 OK
r-oldrel-osx-x86_64 1.2 ERROR

Check Details

Version: 1.2
Check: package dependencies
Result: ERROR
    Package required but not available: ‘copula’
    
    See section ‘The DESCRIPTION file’ in the ‘Writing R Extensions’
    manual.
Flavor: r-oldrel-osx-x86_64