CRAN Package Check Results for Package RGraphics

Last updated on 2018-10-21 17:54:25 CEST.

Flavor Version Tinstall Tcheck Ttotal Status Flags
r-devel-linux-x86_64-debian-clang 2.0-14 9.05 71.27 80.32 NOTE
r-devel-linux-x86_64-debian-gcc 2.0-14 6.30 54.58 60.88 NOTE
r-devel-linux-x86_64-fedora-clang 2.0-14 91.77 NOTE
r-devel-linux-x86_64-fedora-gcc 2.0-14 89.43 NOTE
r-devel-windows-ix86+x86_64 2.0-14 18.00 106.00 124.00 NOTE
r-patched-linux-x86_64 2.0-14 8.66 60.66 69.32 NOTE
r-patched-solaris-x86 2.0-14 115.00 NOTE
r-release-linux-x86_64 2.0-14 7.07 60.31 67.38 NOTE
r-release-windows-ix86+x86_64 2.0-14 21.00 97.00 118.00 NOTE
r-release-osx-x86_64 2.0-14 NOTE
r-oldrel-windows-ix86+x86_64 2.0-14 9.00 75.00 84.00 NOTE
r-oldrel-osx-x86_64 2.0-14 NOTE

Check Details

Version: 2.0-14
Check: package dependencies
Result: NOTE
    Package suggested but not available for checking: ‘pmg’
Flavors: r-devel-linux-x86_64-debian-clang, r-devel-linux-x86_64-debian-gcc, r-devel-linux-x86_64-fedora-clang, r-devel-linux-x86_64-fedora-gcc, r-patched-linux-x86_64

Version: 2.0-14
Check: dependencies in R code
Result: NOTE
    Rjava.init.warning: stack size reduced from unlimited to 7953613 bytes after JVM initialization.
Flavors: r-devel-linux-x86_64-debian-clang, r-devel-linux-x86_64-debian-gcc, r-devel-linux-x86_64-fedora-clang, r-devel-linux-x86_64-fedora-gcc, r-patched-linux-x86_64, r-release-linux-x86_64

Version: 2.0-14
Check: installed package size
Result: NOTE
     installed size is 9.9Mb
     sub-directories of 1Mb or more:
     extra 9.4Mb
Flavors: r-devel-linux-x86_64-fedora-clang, r-devel-windows-ix86+x86_64, r-patched-solaris-x86, r-release-windows-ix86+x86_64, r-release-osx-x86_64, r-oldrel-windows-ix86+x86_64, r-oldrel-osx-x86_64

Version: 2.0-14
Check: package dependencies
Result: NOTE
    Packages suggested but not available for checking: 'pmg', 'SVGAnnotation'
Flavor: r-devel-windows-ix86+x86_64

Version: 2.0-14
Check: package dependencies
Result: NOTE
    Packages suggested but not available for checking: ‘pmg’ ‘rggobi’
Flavor: r-patched-solaris-x86

Version: 2.0-14
Check: package dependencies
Result: NOTE
    Packages suggested but not available for checking:
     ‘Hmisc’ ‘pmg’ ‘Rcmdr’ ‘rgl’
Flavor: r-release-linux-x86_64

Version: 2.0-14
Check: package dependencies
Result: NOTE
    Packages suggested but not available for checking: 'pmg' 'SVGAnnotation'
Flavor: r-release-windows-ix86+x86_64

Version: 2.0-14
Check: package dependencies
Result: NOTE
    Packages suggested but not available for checking:
     ‘gWidgetsRGtk2’ ‘hyperdraw’ ‘hypergraph’ ‘playwith’ ‘pmg’ ‘rggobi’
     ‘SVGAnnotation’
Flavor: r-release-osx-x86_64

Version: 2.0-14
Check: package dependencies
Result: NOTE
    Packages suggested but not available for checking:
     ‘graph’ ‘gWidgetsRGtk2’ ‘hyperdraw’ ‘hypergraph’ ‘playwith’ ‘pmg’
     ‘rgdal’ ‘rggobi’ ‘Rgraphviz’ ‘SVGAnnotation’
Flavor: r-oldrel-osx-x86_64