CRAN Package Check Results for Package RHPCBenchmark

Last updated on 2022-12-01 06:52:54 CET.

Flavor Version Tinstall Tcheck Ttotal Status Flags
r-devel-linux-x86_64-debian-clang 0.1.0 5.02 43.35 48.37 NOTE
r-devel-linux-x86_64-debian-gcc 0.1.0 4.07 33.43 37.50 NOTE
r-devel-linux-x86_64-fedora-clang 0.1.0 70.77 NOTE
r-devel-linux-x86_64-fedora-gcc 0.1.0 68.32 NOTE
r-devel-windows-x86_64 0.1.0 68.00 85.00 153.00 NOTE
r-patched-linux-x86_64 0.1.0 4.63 38.45 43.08 NOTE
r-release-linux-x86_64 0.1.0 4.14 39.09 43.23 NOTE
r-release-macos-arm64 0.1.0 23.00 NOTE
r-release-macos-x86_64 0.1.0 31.00 NOTE
r-release-windows-x86_64 0.1.0 59.00 74.00 133.00 NOTE
r-oldrel-macos-arm64 0.1.0 25.00 NOTE
r-oldrel-macos-x86_64 0.1.0 39.00 NOTE
r-oldrel-windows-ix86+x86_64 0.1.0 12.00 64.00 76.00 NOTE

Check Details

Version: 0.1.0
Check: LazyData
Result: NOTE
     'LazyData' is specified without a 'data' directory
Flavors: r-devel-linux-x86_64-debian-clang, r-devel-linux-x86_64-debian-gcc, r-devel-linux-x86_64-fedora-clang, r-devel-linux-x86_64-fedora-gcc, r-devel-windows-x86_64, r-patched-linux-x86_64, r-release-linux-x86_64, r-release-macos-arm64, r-release-macos-x86_64, r-release-windows-x86_64, r-oldrel-macos-arm64, r-oldrel-macos-x86_64, r-oldrel-windows-ix86+x86_64