CRAN Package Check Results for Package RHRV

Last updated on 2022-12-04 17:50:51 CET.

Flavor Version Tinstall Tcheck Ttotal Status Flags
r-devel-linux-x86_64-debian-clang 4.2.7 20.11 151.56 171.67 OK
r-devel-linux-x86_64-debian-gcc 4.2.7 14.39 113.66 128.05 OK
r-devel-linux-x86_64-fedora-clang 4.2.7 219.64 NOTE
r-devel-linux-x86_64-fedora-gcc 4.2.7 212.12 OK
r-devel-windows-x86_64 4.2.7 37.00 187.00 224.00 OK
r-patched-linux-x86_64 4.2.7 18.96 140.49 159.45 OK
r-release-linux-x86_64 4.2.7 12.44 140.98 153.42 OK
r-release-macos-arm64 4.2.7 65.00 OK
r-release-macos-x86_64 4.2.7 78.00 OK
r-release-windows-x86_64 4.2.7 58.00 187.00 245.00 OK
r-oldrel-macos-arm64 4.2.7 59.00 OK
r-oldrel-macos-x86_64 4.2.7 79.00 OK
r-oldrel-windows-ix86+x86_64 4.2.7 44.00 211.00 255.00 OK

Check Details

Version: 4.2.7
Check: Rd cross-references
Result: NOTE
    Undeclared packages ‘tseries’, ‘TSA’ in Rd xrefs
Flavor: r-devel-linux-x86_64-fedora-clang