CRAN Package Check Results for Package RImagePalette

Last updated on 2023-12-09 21:54:28 CET.

Flavor Version Tinstall Tcheck Ttotal Status Flags
r-devel-linux-x86_64-debian-clang 0.1.1 5.93 46.97 52.90 NOTE
r-devel-linux-x86_64-debian-gcc 0.1.1 3.78 35.37 39.15 NOTE
r-devel-linux-x86_64-fedora-clang 0.1.1 63.42 NOTE
r-devel-linux-x86_64-fedora-gcc 0.1.1 60.23 NOTE
r-devel-windows-x86_64 0.1.1 6.00 55.00 61.00 NOTE
r-patched-linux-x86_64 0.1.1 4.97 45.64 50.61 NOTE
r-release-linux-x86_64 0.1.1 3.29 44.60 47.89 NOTE
r-release-macos-arm64 0.1.1 24.00 NOTE
r-release-macos-x86_64 0.1.1 37.00 NOTE
r-release-windows-x86_64 0.1.1 8.00 61.00 69.00 NOTE
r-oldrel-macos-arm64 0.1.1 22.00 NOTE
r-oldrel-macos-x86_64 0.1.1 49.00 NOTE
r-oldrel-windows-x86_64 0.1.1 7.00 64.00 71.00 NOTE

Check Details

Version: 0.1.1
Check: LazyData
Result: NOTE 'LazyData' is specified without a 'data' directory Flavors: r-devel-linux-x86_64-debian-clang, r-devel-linux-x86_64-debian-gcc, r-devel-linux-x86_64-fedora-clang, r-devel-linux-x86_64-fedora-gcc, r-devel-windows-x86_64, r-patched-linux-x86_64, r-release-linux-x86_64, r-release-macos-arm64, r-release-macos-x86_64, r-release-windows-x86_64, r-oldrel-macos-arm64, r-oldrel-macos-x86_64, r-oldrel-windows-x86_64