CRAN Package Check Results for Package RImagePalette

Last updated on 2024-05-25 06:57:08 CEST.

Flavor Version Tinstall Tcheck Ttotal Status Flags
r-devel-linux-x86_64-debian-clang 0.1.1 5.45 47.97 53.42 NOTE
r-devel-linux-x86_64-debian-gcc 0.1.1 3.98 36.40 40.38 NOTE
r-devel-linux-x86_64-fedora-clang 0.1.1 65.74 NOTE
r-devel-linux-x86_64-fedora-gcc 0.1.1 62.51 NOTE
r-devel-windows-x86_64 0.1.1 6.00 55.00 61.00 NOTE
r-patched-linux-x86_64 0.1.1 5.69 46.38 52.07 NOTE
r-release-linux-x86_64 0.1.1 4.47 45.18 49.65 NOTE
r-release-macos-arm64 0.1.1 24.00 NOTE
r-release-windows-x86_64 0.1.1 6.00 55.00 61.00 NOTE
r-oldrel-macos-arm64 0.1.1 24.00 NOTE
r-oldrel-macos-x86_64 0.1.1 37.00 NOTE
r-oldrel-windows-x86_64 0.1.1 7.00 59.00 66.00 NOTE

Check Details

Version: 0.1.1
Check: LazyData
Result: NOTE 'LazyData' is specified without a 'data' directory Flavors: r-devel-linux-x86_64-debian-clang, r-devel-linux-x86_64-debian-gcc, r-devel-linux-x86_64-fedora-clang, r-devel-linux-x86_64-fedora-gcc, r-devel-windows-x86_64, r-patched-linux-x86_64, r-release-linux-x86_64, r-release-macos-arm64, r-release-windows-x86_64, r-oldrel-macos-arm64, r-oldrel-macos-x86_64, r-oldrel-windows-x86_64