CRAN Package Check Results for Package RImagePalette

Last updated on 2022-12-01 06:52:54 CET.

Flavor Version Tinstall Tcheck Ttotal Status Flags
r-devel-linux-x86_64-debian-clang 0.1.1 4.69 53.51 58.20 NOTE
r-devel-linux-x86_64-debian-gcc 0.1.1 3.63 39.77 43.40 NOTE
r-devel-linux-x86_64-fedora-clang 0.1.1 85.68 NOTE
r-devel-linux-x86_64-fedora-gcc 0.1.1 83.52 NOTE
r-devel-windows-x86_64 0.1.1 20.00 81.00 101.00 NOTE
r-patched-linux-x86_64 0.1.1 4.84 50.58 55.42 NOTE
r-release-linux-x86_64 0.1.1 5.05 49.04 54.09 NOTE
r-release-macos-arm64 0.1.1 22.00 NOTE
r-release-macos-x86_64 0.1.1 49.00 NOTE
r-release-windows-x86_64 0.1.1 23.00 80.00 103.00 NOTE
r-oldrel-macos-arm64 0.1.1 27.00 NOTE
r-oldrel-macos-x86_64 0.1.1 38.00 NOTE
r-oldrel-windows-ix86+x86_64 0.1.1 14.00 74.00 88.00 NOTE

Check Details

Version: 0.1.1
Check: LazyData
Result: NOTE
     'LazyData' is specified without a 'data' directory
Flavors: r-devel-linux-x86_64-debian-clang, r-devel-linux-x86_64-debian-gcc, r-devel-linux-x86_64-fedora-clang, r-devel-linux-x86_64-fedora-gcc, r-devel-windows-x86_64, r-patched-linux-x86_64, r-release-linux-x86_64, r-release-macos-arm64, r-release-macos-x86_64, r-release-windows-x86_64, r-oldrel-macos-arm64, r-oldrel-macos-x86_64, r-oldrel-windows-ix86+x86_64