CRAN Package Check Results for Package RInno

Last updated on 2018-05-26 21:46:54 CEST.

Flavor Version Tinstall Tcheck Ttotal Status Flags
r-devel-windows-ix86+x86_64 0.2.0 6.00 42.00 48.00 OK
r-release-windows-ix86+x86_64 0.2.0 6.00 63.00 69.00 OK
r-release-osx-x86_64 0.2.0 NOTE
r-oldrel-windows-ix86+x86_64 0.2.0 5.00 40.00 45.00 OK
r-oldrel-osx-x86_64 0.2.0 NOTE

Check Details

Version: 0.2.0
Check: dependencies in R code
Result: NOTE
    Namespaces in Imports field not imported from:
     ‘httr’ ‘rmarkdown’ ‘shiny’
     All declared Imports should be used.
Flavors: r-release-osx-x86_64, r-oldrel-osx-x86_64

Version: 0.2.0
Check: Rd cross-references
Result: NOTE
    Package unavailable to check Rd xrefs: ‘installr’
Flavor: r-oldrel-osx-x86_64