CRAN Package Check Results for Package RInno

Last updated on 2018-02-19 00:47:26 CET.

Flavor Version Tinstall Tcheck Ttotal Status Flags
r-devel-windows-ix86+x86_64 0.2.0 4.00 36.00 40.00 OK
r-release-windows-ix86+x86_64 0.2.0 5.00 53.00 58.00 OK
r-release-osx-x86_64 0.2.0 NOTE
r-oldrel-windows-ix86+x86_64 0.2.0 4.00 47.00 51.00 OK
r-oldrel-osx-x86_64 0.1.2 NOTE

Check Details

Version: 0.2.0
Check: dependencies in R code
Result: NOTE
    Namespaces in Imports field not imported from:
     ‘httr’ ‘rmarkdown’ ‘shiny’
     All declared Imports should be used.
Flavor: r-release-osx-x86_64

Version: 0.2.0
Check: Rd cross-references
Result: NOTE
    Package unavailable to check Rd xrefs: ‘installr’
Flavor: r-release-osx-x86_64

Version: 0.1.2
Check: dependencies in R code
Result: NOTE
    Namespaces in Imports field not imported from:
     ‘httr’ ‘rmarkdown’ ‘shiny’
     All declared Imports should be used.
Flavor: r-oldrel-osx-x86_64

Version: 0.1.2
Check: Rd cross-references
Result: NOTE
    Package unavailable to check Rd xrefs: ‘installr’
Flavor: r-oldrel-osx-x86_64