CRAN Package Check Results for Package RInno

Last updated on 2023-09-30 16:57:07 CEST.

Flavor Version Tinstall Tcheck Ttotal Status Flags
r-devel-windows-x86_64 1.0.1 7.00 141.00 148.00 NOTE
r-release-macos-x86_64 1.0.1 8.00 ERROR
r-release-windows-x86_64 1.0.1 8.00 307.00 315.00 NOTE
r-oldrel-windows-x86_64 1.0.1 8.00 305.00 313.00 NOTE

Check Details

Version: 1.0.1
Check: LazyData
Result: NOTE
     'LazyData' is specified without a 'data' directory
Flavors: r-devel-windows-x86_64, r-release-macos-x86_64, r-release-windows-x86_64, r-oldrel-windows-x86_64

Version: 1.0.1
Check: PDF version of manual
Result: WARN
    LaTeX errors when creating PDF version.
    This typically indicates Rd problems.
Flavor: r-release-macos-x86_64

Version: 1.0.1
Check: PDF version of manual without index
Result: ERROR
    Re-running with no redirection of stdout/stderr.
Flavor: r-release-macos-x86_64