CRAN Package Check Results for Package RInno

Last updated on 2021-12-08 07:51:02 CET.

Flavor Version Tinstall Tcheck Ttotal Status Flags
r-devel-windows-x86_64-new-UL 1.0.1 18.00 982.00 1000.00 NOTE
r-devel-windows-x86_64-new-TK 1.0.1 NOTE
r-devel-windows-x86_64-old 1.0.1 9.00 123.00 132.00 NOTE
r-release-macos-arm64 1.0.1 NOTE
r-release-windows-ix86+x86_64 1.0.1 9.00 81.00 90.00 NOTE
r-oldrel-windows-ix86+x86_64 1.0.1 11.00 170.00 181.00 OK

Check Details

Version: 1.0.1
Check: LazyData
Result: NOTE
     'LazyData' is specified without a 'data' directory
Flavors: r-devel-windows-x86_64-new-UL, r-devel-windows-x86_64-new-TK, r-devel-windows-x86_64-old, r-release-macos-arm64, r-release-windows-ix86+x86_64

Version: 1.0.1
Check: dependencies in R code
Result: NOTE
    Namespaces in Imports field not imported from:
     'httr' 'remotes' 'rmarkdown' 'shiny'
     All declared Imports should be used.
Flavors: r-devel-windows-x86_64-new-TK, r-release-macos-arm64