CRAN Package Check Results for Package RJafroc

Last updated on 2018-05-25 01:46:51 CEST.

Flavor Version Tinstall Tcheck Ttotal Status Flags
r-devel-linux-x86_64-debian-clang 1.0.1 56.23 179.01 235.24 OK
r-devel-linux-x86_64-debian-gcc 1.0.1 42.35 157.80 200.15 OK
r-devel-linux-x86_64-fedora-clang 1.0.1 290.83 OK
r-devel-linux-x86_64-fedora-gcc 1.0.1 271.94 OK
r-devel-windows-ix86+x86_64 1.0.1 89.00 203.00 292.00 OK
r-patched-linux-x86_64 1.0.1 58.79 190.41 249.20 OK
r-patched-solaris-x86 1.0.1 261.60 ERROR
r-release-linux-x86_64 1.0.1 54.14 189.79 243.93 OK
r-release-windows-ix86+x86_64 1.0.1 122.00 285.00 407.00 OK
r-release-osx-x86_64 1.0.1 OK
r-oldrel-windows-ix86+x86_64 1.0.1 116.00 221.00 337.00 OK
r-oldrel-osx-x86_64 1.0.1 OK

Additional issues

noLD

Check Details

Version: 1.0.1
Check: examples
Result: ERROR
    Running examples in ‘RJafroc-Ex.R’ failed
    The error most likely occurred in:
    
    > ### Name: PlotRsmOperatingCharacteristics
    > ### Title: RSM predicted operating characteristics, ROC pdfs and different
    > ### FOMs possible with FROC data
    > ### Aliases: PlotRsmOperatingCharacteristics
    >
    > ### ** Examples
    >
    > ## Following example is for mu = 2, lambda = 1, nu = 0.6, in one treatment and
    > ## mu = 3, lambda = 1.5, nu = 0.8, in the other treatment. 20% of the diseased
    > ## cases have a single lesion, 40% have two lesions, 10% have 3 lesions,
    > ## and 30% have 4 lesions.
    > lesDistr <- rbind(c(1, 0.2), c(2, 0.4), c(3, 0.1), c(4, 0.3))
    >
    > ## On cases with one lesion the weights are 1, on cases with 2 lesions the weights
    > ## are 0.4 and 0.6, on cases with three lesions the weights are 0.2, 0.3 and 0.5, and
    > ## on cases with 4 lesions the weights are 0.3, 0.4, 0.2 and 0.1:
    > lesionWeights <- rbind(c(1.0, -Inf, -Inf, -Inf),
    + c(0.4, 0.6, -Inf, -Inf),
    + c(0.2, 0.3, 0.5, -Inf),
    + c(0.3, 0.4, 0.2, 0.1))
    > ret <- PlotRsmOperatingCharacteristics(mu = c(2, 3), lambda = c(1, 1.5), nu = c(0.6, 0.8),
    + lesDistr = lesDistr, lesionWeights = lesionWeights,
    + legendPosition = "bottom", nlfRange = c(0, 1), llfRange = c(0, 1))
    Error in PlotRsmOperatingCharacteristics(mu = c(2, 3), lambda = c(1, 1.5), :
     Line 4 of lesion weights matrix should be summed up to 1.
    Execution halted
Flavor: r-patched-solaris-x86