CRAN Package Check Results for Package RJafroc

Last updated on 2018-02-24 22:47:45 CET.

Flavor Version Tinstall Tcheck Ttotal Status Flags
r-devel-linux-x86_64-debian-clang 1.0.1 50.84 177.89 228.73 OK
r-devel-linux-x86_64-debian-gcc 1.0.1 39.41 136.16 175.57 OK
r-devel-linux-x86_64-fedora-clang 1.0.1 286.76 OK
r-devel-linux-x86_64-fedora-gcc 1.0.1 274.89 OK
r-devel-windows-ix86+x86_64 1.0.1 115.00 291.00 406.00 OK
r-patched-linux-x86_64 1.0.1 38.05 197.04 235.09 OK
r-patched-solaris-x86 1.0.1 218.90 ERROR
r-release-linux-x86_64 1.0.1 36.56 200.14 236.70 OK
r-release-windows-ix86+x86_64 1.0.1 123.00 320.00 443.00 OK
r-release-osx-x86_64 1.0.1 OK
r-oldrel-windows-ix86+x86_64 1.0.1 82.00 234.00 316.00 OK
r-oldrel-osx-x86_64 0.1.1 OK

Additional issues

noLD

Check Details

Version: 1.0.1
Check: examples
Result: ERROR
    Running examples in ‘RJafroc-Ex.R’ failed
    The error most likely occurred in:
    
    > ### Name: PlotRsmOperatingCharacteristics
    > ### Title: RSM predicted operating characteristics, ROC pdfs and different
    > ### FOMs possible with FROC data
    > ### Aliases: PlotRsmOperatingCharacteristics
    >
    > ### ** Examples
    >
    > ## Following example is for mu = 2, lambda = 1, nu = 0.6, in one treatment and
    > ## mu = 3, lambda = 1.5, nu = 0.8, in the other treatment. 20% of the diseased
    > ## cases have a single lesion, 40% have two lesions, 10% have 3 lesions,
    > ## and 30% have 4 lesions.
    > lesDistr <- rbind(c(1, 0.2), c(2, 0.4), c(3, 0.1), c(4, 0.3))
    >
    > ## On cases with one lesion the weights are 1, on cases with 2 lesions the weights
    > ## are 0.4 and 0.6, on cases with three lesions the weights are 0.2, 0.3 and 0.5, and
    > ## on cases with 4 lesions the weights are 0.3, 0.4, 0.2 and 0.1:
    > lesionWeights <- rbind(c(1.0, -Inf, -Inf, -Inf),
    + c(0.4, 0.6, -Inf, -Inf),
    + c(0.2, 0.3, 0.5, -Inf),
    + c(0.3, 0.4, 0.2, 0.1))
    > ret <- PlotRsmOperatingCharacteristics(mu = c(2, 3), lambda = c(1, 1.5), nu = c(0.6, 0.8),
    + lesDistr = lesDistr, lesionWeights = lesionWeights,
    + legendPosition = "bottom", nlfRange = c(0, 1), llfRange = c(0, 1))
    Error in PlotRsmOperatingCharacteristics(mu = c(2, 3), lambda = c(1, 1.5), :
     Line 4 of lesion weights matrix should be summed up to 1.
    Execution halted
Flavor: r-patched-solaris-x86