CRAN Package Check Results for Package RJcluster

Last updated on 2022-12-07 20:56:07 CET.

Flavor Version Tinstall Tcheck Ttotal Status Flags
r-devel-linux-x86_64-debian-clang 3.2.4 126.83 56.80 183.63 OK
r-devel-linux-x86_64-debian-gcc 3.2.4 99.36 42.55 141.91 OK
r-devel-linux-x86_64-fedora-clang 3.2.4 274.25 OK
r-devel-linux-x86_64-fedora-gcc 3.2.4 256.13 OK
r-devel-windows-x86_64 3.2.4 101.00 105.00 206.00 OK
r-patched-linux-x86_64 3.2.4 101.11 52.20 153.31 OK
r-release-linux-x86_64 3.2.4 101.20 54.39 155.59 OK
r-release-macos-arm64 3.2.4 56.00 OK
r-release-macos-x86_64 3.2.4 78.00 OK
r-release-windows-x86_64 3.2.4 104.00 110.00 214.00 OK
r-oldrel-macos-arm64 3.2.4 53.00 NOTE
r-oldrel-macos-x86_64 3.2.4 72.00 OK
r-oldrel-windows-ix86+x86_64 3.2.4 295.00 119.00 414.00 OK

Check Details

Version: 3.2.4
Check: installed package size
Result: NOTE
     installed size is 5.3Mb
     sub-directories of 1Mb or more:
     libs 5.0Mb
Flavor: r-oldrel-macos-arm64