CRAN Package Check Results for Package RKHSMetaMod

Last updated on 2021-04-10 14:48:07 CEST.

Flavor Version Tinstall Tcheck Ttotal Status Flags
r-devel-linux-x86_64-debian-clang 1.1 230.55 32.43 262.98 OK
r-devel-linux-x86_64-debian-gcc 1.1 165.13 28.31 193.44 OK
r-devel-linux-x86_64-fedora-clang 1.1 372.38 NOTE
r-devel-linux-x86_64-fedora-gcc 1.1 351.60 OK
r-devel-windows-ix86+x86_64 1.1 346.00 73.00 419.00 OK
r-devel-windows-x86_64-gcc10-UCRT 1.1 OK
r-patched-linux-x86_64 1.1 181.21 34.66 215.87 OK
r-patched-solaris-x86 1.1 290.40 OK
r-release-linux-x86_64 1.1 189.94 35.03 224.97 OK
r-release-macos-x86_64 1.1 NOTE
r-release-windows-ix86+x86_64 1.1 380.00 95.00 475.00 OK
r-oldrel-macos-x86_64 1.1 NOTE
r-oldrel-windows-ix86+x86_64 1.1 423.00 65.00 488.00 OK

Check Details

Version: 1.1
Check: installed package size
Result: NOTE
     installed size is 23.3Mb
     sub-directories of 1Mb or more:
     libs 23.2Mb
Flavors: r-devel-linux-x86_64-fedora-clang, r-release-macos-x86_64, r-oldrel-macos-x86_64