CRAN Package Check Results for Package RMBC

Last updated on 2024-07-14 05:53:42 CEST.

Flavor Version Tinstall Tcheck Ttotal Status Flags
r-devel-linux-x86_64-debian-clang 0.1.0 2.86 28.99 31.85 NOTE
r-devel-linux-x86_64-debian-gcc 0.1.0 2.01 21.93 23.94 NOTE
r-devel-linux-x86_64-fedora-clang 0.1.0 40.91 NOTE
r-devel-linux-x86_64-fedora-gcc 0.1.0 38.84 NOTE
r-devel-windows-x86_64 0.1.0 3.00 44.00 47.00 NOTE
r-patched-linux-x86_64 0.1.0 7.39 26.85 34.24 NOTE
r-release-linux-x86_64 0.1.0 2.55 27.65 30.20 NOTE
r-release-macos-arm64 0.1.0 17.00 NOTE
r-release-macos-x86_64 0.1.0 25.00 NOTE
r-release-windows-x86_64 0.1.0 3.00 43.00 46.00 NOTE
r-oldrel-macos-arm64 0.1.0 18.00 OK
r-oldrel-macos-x86_64 0.1.0 25.00 OK
r-oldrel-windows-x86_64 0.1.0 4.00 50.00 54.00 OK

Check Details

Version: 0.1.0
Check: Rd files
Result: NOTE checkRd: (-1) RMBC.Rd:24: Lost braces in \itemize; \value handles \item{}{} directly checkRd: (-1) RMBC.Rd:25: Lost braces in \itemize; \value handles \item{}{} directly checkRd: (-1) RMBC.Rd:26: Lost braces in \itemize; \value handles \item{}{} directly checkRd: (-1) RMBC.Rd:27: Lost braces in \itemize; \value handles \item{}{} directly checkRd: (-1) RMBC.Rd:28: Lost braces in \itemize; \value handles \item{}{} directly checkRd: (-1) RMBC.Rd:29-30: Lost braces in \itemize; \value handles \item{}{} directly checkRd: (-1) RMBC.Rd:31-34: Lost braces in \itemize; \value handles \item{}{} directly checkRd: (-1) RMBCaux.Rd:50-51: Lost braces in \itemize; \value handles \item{}{} directly checkRd: (-1) RMBCaux.Rd:52-53: Lost braces in \itemize; \value handles \item{}{} directly checkRd: (-1) RMBCaux.Rd:54-55: Lost braces in \itemize; \value handles \item{}{} directly checkRd: (-1) RMBCaux.Rd:56-57: Lost braces in \itemize; \value handles \item{}{} directly checkRd: (-1) RMBCaux.Rd:58-59: Lost braces in \itemize; \value handles \item{}{} directly checkRd: (-1) RMBCaux.Rd:60-61: Lost braces in \itemize; \value handles \item{}{} directly checkRd: (-1) RMBCaux.Rd:62-63: Lost braces in \itemize; \value handles \item{}{} directly checkRd: (-1) robustINIT.Rd:19: Lost braces in \itemize; \value handles \item{}{} directly checkRd: (-1) robustINIT.Rd:20: Lost braces in \itemize; \value handles \item{}{} directly checkRd: (-1) robustINIT.Rd:21: Lost braces in \itemize; \value handles \item{}{} directly checkRd: (-1) robustINIT.Rd:22: Lost braces in \itemize; \value handles \item{}{} directly checkRd: (-1) weightedSestimator.Rd:38: Lost braces in \itemize; \value handles \item{}{} directly checkRd: (-1) weightedSestimator.Rd:39: Lost braces in \itemize; \value handles \item{}{} directly checkRd: (-1) weightedSestimator.Rd:40: Lost braces in \itemize; \value handles \item{}{} directly Flavors: r-devel-linux-x86_64-debian-clang, r-devel-linux-x86_64-debian-gcc, r-devel-linux-x86_64-fedora-clang, r-devel-linux-x86_64-fedora-gcc, r-devel-windows-x86_64, r-patched-linux-x86_64, r-release-linux-x86_64, r-release-macos-arm64, r-release-macos-x86_64, r-release-windows-x86_64

Version: 0.1.0
Check: Rd cross-references
Result: NOTE Found the following Rd file(s) with Rd \link{} targets missing package anchors: weightedMscale.Rd: normal_consistency_constants Please provide package anchors for all Rd \link{} targets not in the package itself and the base packages. Flavor: r-devel-windows-x86_64