Last updated on 2023-12-03 13:49:51 CET.
Flavor | Version | Tinstall | Tcheck | Ttotal | Status | Flags |
---|---|---|---|---|---|---|
r-devel-linux-x86_64-debian-clang | 1.1.1 | 64.83 | 29.23 | 94.06 | NOTE | |
r-devel-linux-x86_64-debian-gcc | 1.1.1 | 41.06 | 22.24 | 63.30 | NOTE | |
r-devel-linux-x86_64-fedora-clang | 1.1.1 | 139.19 | NOTE | |||
r-devel-linux-x86_64-fedora-gcc | 1.1.1 | 126.60 | NOTE | |||
r-devel-windows-x86_64 | 1.1.1 | 50.00 | 66.00 | 116.00 | NOTE | |
r-patched-linux-x86_64 | 1.1.1 | 52.29 | 28.42 | 80.71 | NOTE | |
r-release-linux-x86_64 | 1.1.1 | 47.11 | 28.72 | 75.83 | NOTE | |
r-release-macos-arm64 | 1.1.1 | 39.00 | NOTE | |||
r-release-macos-x86_64 | 1.1.1 | 52.00 | NOTE | |||
r-release-windows-x86_64 | 1.1.1 | 55.00 | 69.00 | 124.00 | NOTE | |
r-oldrel-macos-arm64 | 1.1.1 | 34.00 | NOTE | |||
r-oldrel-macos-x86_64 | 1.1.1 | 45.00 | NOTE | |||
r-oldrel-windows-x86_64 | 1.1.1 | 62.00 | 69.00 | 131.00 | NOTE |
Version: 1.1.1
Check: LazyData
Result: NOTE
'LazyData' is specified without a 'data' directory
Flavors: r-devel-linux-x86_64-debian-clang, r-devel-linux-x86_64-debian-gcc, r-devel-linux-x86_64-fedora-clang, r-devel-linux-x86_64-fedora-gcc, r-devel-windows-x86_64, r-patched-linux-x86_64, r-release-linux-x86_64, r-release-macos-arm64, r-release-macos-x86_64, r-release-windows-x86_64, r-oldrel-macos-arm64, r-oldrel-macos-x86_64, r-oldrel-windows-x86_64