CRAN Package Check Results for Package RMPSH

Last updated on 2022-12-07 07:54:40 CET.

Flavor Version Tinstall Tcheck Ttotal Status Flags
r-devel-linux-x86_64-debian-clang 1.1.1 55.80 30.89 86.69 NOTE
r-devel-linux-x86_64-debian-gcc 1.1.1 42.34 24.25 66.59 NOTE
r-devel-linux-x86_64-fedora-clang 1.1.1 144.04 NOTE
r-devel-linux-x86_64-fedora-gcc 1.1.1 119.35 NOTE
r-devel-windows-x86_64 1.1.1 51.00 75.00 126.00 NOTE
r-patched-linux-x86_64 1.1.1 42.73 29.85 72.58 NOTE
r-release-linux-x86_64 1.1.1 45.75 29.89 75.64 NOTE
r-release-macos-arm64 1.1.1 30.00 NOTE
r-release-macos-x86_64 1.1.1 45.00 NOTE
r-release-windows-x86_64 1.1.1 51.00 77.00 128.00 NOTE
r-oldrel-macos-arm64 1.1.1 34.00 NOTE
r-oldrel-macos-x86_64 1.1.1 63.00 NOTE
r-oldrel-windows-ix86+x86_64 1.1.1 110.00 81.00 191.00 NOTE

Check Details

Version: 1.1.1
Check: LazyData
Result: NOTE
     'LazyData' is specified without a 'data' directory
Flavors: r-devel-linux-x86_64-debian-clang, r-devel-linux-x86_64-debian-gcc, r-devel-linux-x86_64-fedora-clang, r-devel-linux-x86_64-fedora-gcc, r-devel-windows-x86_64, r-patched-linux-x86_64, r-release-linux-x86_64, r-release-macos-arm64, r-release-macos-x86_64, r-release-windows-x86_64, r-oldrel-macos-arm64, r-oldrel-macos-x86_64, r-oldrel-windows-ix86+x86_64