CRAN Package Check Results for Package RMSS

Last updated on 2024-02-28 08:54:40 CET.

Flavor Version Tinstall Tcheck Ttotal Status Flags
r-devel-linux-x86_64-debian-clang 1.1.1 179.37 48.09 227.46 OK
r-devel-linux-x86_64-debian-gcc 1.1.1 129.71 37.78 167.49 OK
r-devel-linux-x86_64-fedora-clang 1.1.1 347.72 OK
r-devel-linux-x86_64-fedora-gcc 1.1.1 332.23 OK
r-devel-windows-x86_64 1.1.1 136.00 86.00 222.00 OK
r-patched-linux-x86_64 1.1.1 129.23 49.36 178.59 OK
r-release-linux-x86_64 1.1.1 122.90 49.78 172.68 OK
r-release-macos-arm64 1.1.1 96.00 NOTE
r-release-macos-x86_64 1.1.1 84.00 NOTE
r-release-windows-x86_64 1.1.1 170.00 92.00 262.00 OK
r-oldrel-macos-arm64 1.1.1 75.00 NOTE
r-oldrel-windows-x86_64 1.1.1 162.00 90.00 252.00 OK

Check Details

Version: 1.1.1
Check: installed package size
Result: NOTE installed size is 5.9Mb sub-directories of 1Mb or more: libs 5.8Mb Flavors: r-release-macos-arm64, r-release-macos-x86_64, r-oldrel-macos-arm64