CRAN Package Check Results for Package RMTL

Last updated on 2021-05-08 03:53:40 CEST.

Flavor Version Tinstall Tcheck Ttotal Status Flags
r-devel-linux-x86_64-debian-clang 0.9 4.38 49.73 54.11 NOTE
r-devel-linux-x86_64-debian-gcc 0.9 3.73 37.63 41.36 NOTE
r-devel-linux-x86_64-fedora-clang 0.9 76.85 OK
r-devel-linux-x86_64-fedora-gcc 0.9 63.68 OK
r-devel-windows-ix86+x86_64 0.9 7.00 63.00 70.00 NOTE
r-devel-windows-x86_64-gcc10-UCRT 0.9 OK
r-patched-linux-x86_64 0.9 4.79 48.07 52.86 NOTE
r-patched-solaris-x86 0.9 84.20 OK
r-release-linux-x86_64 0.9 4.50 46.95 51.45 NOTE
r-release-macos-x86_64 0.9 OK
r-release-windows-ix86+x86_64 0.9 5.00 53.00 58.00 NOTE
r-oldrel-macos-x86_64 0.9 OK
r-oldrel-windows-ix86+x86_64 0.9 7.00 61.00 68.00 OK

Check Details

Version: 0.9
Check: package vignettes
Result: NOTE
    Package vignette with placeholder title 'Vignette Title':
     'rmtl.Rmd'
Flavors: r-devel-linux-x86_64-debian-clang, r-devel-linux-x86_64-debian-gcc, r-devel-windows-ix86+x86_64, r-patched-linux-x86_64, r-release-linux-x86_64, r-release-windows-ix86+x86_64